{"id":4525,"date":"2025-12-14T21:14:34","date_gmt":"2025-12-14T21:14:34","guid":{"rendered":"https:\/\/bimba.sn\/?product=hp-omen-16-slim-2025"},"modified":"2025-12-14T21:14:34","modified_gmt":"2025-12-14T21:14:34","slug":"hp-omen-16-slim-2025","status":"publish","type":"product","link":"https:\/\/bimba.sn\/?product=hp-omen-16-slim-2025","title":{"rendered":"HP Omen 16 Slim 2025"},"content":{"rendered":"<p><br data-mce-bogus=\"1\"><\/p>\n","protected":false},"excerpt":{"rendered":"<p>\ud83d\udcbbHP Omen Max 16 Slim 2025\u00a0<\/p>\n<p>\ud83d\udda5 \u00c9cran 16 pouces FHD 144Hz\u00a0<\/p>\n<p>\u2699\ufe0fProcesseur intel Core ultra 5 225H 15eme g\u00e9n\u00e9ration 14 c\u0153urs turbo jusqu\u2019\u00e0 4.9Ghz chaque c\u0153urs\u00a0<\/p>\n<p>\ud83d\udee1Ram : 16Go ddr5<\/p>\n<p>\ud83d\udcbd SSD 1To\u00a0<\/p>\n<p>\u2705 Carte graphique nvdia RTX 5050 8go gddr7\u00a0<\/p>\n","protected":false},"featured_media":4523,"comment_status":"open","ping_status":"closed","template":"","meta":{"_gspb_post_css":""},"store":[],"product_brand":[],"product_cat":[271,265],"product_tag":[],"class_list":{"0":"post-4525","1":"product","2":"type-product","3":"status-publish","4":"has-post-thumbnail","6":"product_cat-ordinateurs","7":"product_cat-ordinateurimpirmante","9":"first","10":"instock","11":"sale","12":"shipping-taxable","13":"purchasable","14":"product-type-simple"},"_links":{"self":[{"href":"https:\/\/bimba.sn\/index.php?rest_route=\/wp\/v2\/product\/4525","targetHints":{"allow":["GET"]}}],"collection":[{"href":"https:\/\/bimba.sn\/index.php?rest_route=\/wp\/v2\/product"}],"about":[{"href":"https:\/\/bimba.sn\/index.php?rest_route=\/wp\/v2\/types\/product"}],"replies":[{"embeddable":true,"href":"https:\/\/bimba.sn\/index.php?rest_route=%2Fwp%2Fv2%2Fcomments&post=4525"}],"wp:featuredmedia":[{"embeddable":true,"href":"https:\/\/bimba.sn\/index.php?rest_route=\/wp\/v2\/media\/4523"}],"wp:attachment":[{"href":"https:\/\/bimba.sn\/index.php?rest_route=%2Fwp%2Fv2%2Fmedia&parent=4525"}],"wp:term":[{"taxonomy":"store","embeddable":true,"href":"https:\/\/bimba.sn\/index.php?rest_route=%2Fwp%2Fv2%2Fstore&post=4525"},{"taxonomy":"product_brand","embeddable":true,"href":"https:\/\/bimba.sn\/index.php?rest_route=%2Fwp%2Fv2%2Fproduct_brand&post=4525"},{"taxonomy":"product_cat","embeddable":true,"href":"https:\/\/bimba.sn\/index.php?rest_route=%2Fwp%2Fv2%2Fproduct_cat&post=4525"},{"taxonomy":"product_tag","embeddable":true,"href":"https:\/\/bimba.sn\/index.php?rest_route=%2Fwp%2Fv2%2Fproduct_tag&post=4525"}],"curies":[{"name":"wp","href":"https:\/\/api.w.org\/{rel}","templated":true}]}}