{"id":4377,"date":"2025-05-25T12:13:47","date_gmt":"2025-05-25T10:13:47","guid":{"rendered":"https:\/\/bimba.sn\/?product=cartouche-hp-17a-noir-high-copy"},"modified":"2025-05-25T12:13:47","modified_gmt":"2025-05-25T10:13:47","slug":"cartouche-hp-17a-noir-high-copy","status":"publish","type":"product","link":"https:\/\/bimba.sn\/?product=cartouche-hp-17a-noir-high-copy","title":{"rendered":"Cartouche HP 17A Noir (High Copy)"},"content":{"rendered":"<blockquote>\n<ul>\n<li style=\"background-repeat: no-repeat;padding: 0px;margin: 0px\">Technologie d\u2019impression : Laser<\/li>\n<li style=\"background-repeat: no-repeat;padding: 0px;margin: 0px\">Couleur : Noir<\/li>\n<li style=\"background-repeat: no-repeat;padding: 0px;margin: 0px\">Compatible avec : HP LaserJet Pro M102a, M102w, MFP M130a, MFP M130fn, MFP M130fw, MFP M130nw<\/li>\n<li style=\"background-repeat: no-repeat;padding: 0px;margin: 0px\">Rendement : Jusqu\u2019\u00e0 1600 pages<\/li>\n<\/ul>\n<p><br style=\"background-repeat: no-repeat;padding: 0px;margin: 0px\"><\/p>\n<p>Vous pouvez compter sur une qualit\u00e9 constante et des performances impressionnantes gr\u00e2ce aux cartouches de toner HP avec JetIntelligence, con\u00e7ues pour contribuer \u00e0 prot\u00e9ger votre investissement et pour permettre \u00e0 votre imprimante de fonctionner au maximum de ses capacit\u00e9s.<\/p>\n<p><span style=\"background-repeat: no-repeat;padding: 0px;margin: 0px;font-weight: bolder\">R\u00e9clamez toutes les pages<\/span><\/p>\n<p>Les cartouches de toner HP Original avec JetIntelligence offrent des r\u00e9sultats de qualit\u00e9 professionnelle et sont \u00e9labor\u00e9es avec pr\u00e9cision pour r\u00e9pondre aux performances puissantes de votre imprimante ou imprimante multifonction HP.<\/p>\n<\/blockquote>\n","protected":false},"excerpt":{"rendered":"<p style=\"text-align: left\" data-mce-style=\"text-align: left;\"><br data-mce-bogus=\"1\"><\/p>\n","protected":false},"featured_media":4375,"comment_status":"open","ping_status":"closed","template":"","meta":{"_gspb_post_css":""},"store":[],"product_brand":[],"product_cat":[279],"product_tag":[],"class_list":{"0":"post-4377","1":"product","2":"type-product","3":"status-publish","4":"has-post-thumbnail","6":"product_cat-encredimprimanteettoner","8":"first","9":"instock","10":"shipping-taxable","11":"purchasable","12":"product-type-simple"},"_links":{"self":[{"href":"https:\/\/bimba.sn\/index.php?rest_route=\/wp\/v2\/product\/4377","targetHints":{"allow":["GET"]}}],"collection":[{"href":"https:\/\/bimba.sn\/index.php?rest_route=\/wp\/v2\/product"}],"about":[{"href":"https:\/\/bimba.sn\/index.php?rest_route=\/wp\/v2\/types\/product"}],"replies":[{"embeddable":true,"href":"https:\/\/bimba.sn\/index.php?rest_route=%2Fwp%2Fv2%2Fcomments&post=4377"}],"wp:featuredmedia":[{"embeddable":true,"href":"https:\/\/bimba.sn\/index.php?rest_route=\/wp\/v2\/media\/4375"}],"wp:attachment":[{"href":"https:\/\/bimba.sn\/index.php?rest_route=%2Fwp%2Fv2%2Fmedia&parent=4377"}],"wp:term":[{"taxonomy":"store","embeddable":true,"href":"https:\/\/bimba.sn\/index.php?rest_route=%2Fwp%2Fv2%2Fstore&post=4377"},{"taxonomy":"product_brand","embeddable":true,"href":"https:\/\/bimba.sn\/index.php?rest_route=%2Fwp%2Fv2%2Fproduct_brand&post=4377"},{"taxonomy":"product_cat","embeddable":true,"href":"https:\/\/bimba.sn\/index.php?rest_route=%2Fwp%2Fv2%2Fproduct_cat&post=4377"},{"taxonomy":"product_tag","embeddable":true,"href":"https:\/\/bimba.sn\/index.php?rest_route=%2Fwp%2Fv2%2Fproduct_tag&post=4377"}],"curies":[{"name":"wp","href":"https:\/\/api.w.org\/{rel}","templated":true}]}}