{"id":4276,"date":"2025-05-24T18:20:44","date_gmt":"2025-05-24T16:20:44","guid":{"rendered":"https:\/\/bimba.sn\/?product=canon-cl-41-cartouche-dencre-dorigine-cyan-magenta-jaune"},"modified":"2025-05-24T18:20:44","modified_gmt":"2025-05-24T16:20:44","slug":"canon-cl-41-cartouche-dencre-dorigine-cyan-magenta-jaune","status":"publish","type":"product","link":"https:\/\/bimba.sn\/?product=canon-cl-41-cartouche-dencre-dorigine-cyan-magenta-jaune","title":{"rendered":"Canon CL-41 Cartouche d\u2019encre d\u2019origine Cyan, magenta, jaune"},"content":{"rendered":"<table id=\"productDetails_techSpec_section_1\" class=\"a-keyvalue prodDetTable\" role=\"presentation\" style=\"border-collapse: collapse;border-spacing: 0px;width: 808px;max-width: 100%;margin-bottom: 29px;font-family: Yantramanav, sans-serif;font-size: 14px\">\n<tbody>\n<tr>\n<th class=\"a-color-secondary a-size-base prodDetSectionEntry\" style=\"padding: 8px;text-align: left;line-height: 1.85;vertical-align: top\">Marque<\/th>\n<td class=\"a-size-base prodDetAttrValue\" style=\"padding: 8px;line-height: 1.85;vertical-align: top\">\u200eCanon<\/td>\n<\/tr>\n<tr>\n<th class=\"a-color-secondary a-size-base prodDetSectionEntry\" style=\"padding: 8px;text-align: left;line-height: 1.85;vertical-align: top\">Num\u00e9ro de mod\u00e8le<\/th>\n<td class=\"a-size-base prodDetAttrValue\" style=\"padding: 8px;line-height: 1.85;vertical-align: top\">\u200e0617B001<\/td>\n<\/tr>\n<tr>\n<th class=\"a-color-secondary a-size-base prodDetSectionEntry\" style=\"padding: 8px;text-align: left;line-height: 1.85;vertical-align: top\">Couleur<\/th>\n<td class=\"a-size-base prodDetAttrValue\" style=\"padding: 8px;line-height: 1.85;vertical-align: top\">\u200eCyan, magenta,<\/td>\n<\/tr>\n<tr>\n<th class=\"a-color-secondary a-size-base prodDetSectionEntry\" style=\"padding: 8px;text-align: left;line-height: 1.85;vertical-align: top\">Dimensions du produit (L x l x h)<\/th>\n<td class=\"a-size-base prodDetAttrValue\" style=\"padding: 8px;line-height: 1.85;vertical-align: top\">\u200e8.3 x 5.4 x 9.2 cm; 70 grammes<\/td>\n<\/tr>\n<tr>\n<th class=\"a-color-secondary a-size-base prodDetSectionEntry\" style=\"padding: 8px;text-align: left;line-height: 1.85;vertical-align: top\">Volume<\/th>\n<td class=\"a-size-base prodDetAttrValue\" style=\"padding: 8px;line-height: 1.85;vertical-align: top\">\u200e12 Millilitres<\/td>\n<\/tr>\n<tr>\n<th class=\"a-color-secondary a-size-base prodDetSectionEntry\" style=\"padding: 8px;text-align: left;line-height: 1.85;vertical-align: top\">Compatibilit\u00e9 du produit<\/th>\n<td class=\"a-size-base prodDetAttrValue\" style=\"padding: 8px;line-height: 1.85;vertical-align: top\">\u200ePIXMA iP 1200\/1300\/1600\/1700\/1800\/1900\/2200\/2500\/2600, MP 140\/150\/160\/170\/180\/190\/210\/220\/450\/460\/470<\/td>\n<\/tr>\n<tr>\n<th class=\"a-color-secondary a-size-base prodDetSectionEntry\" style=\"padding: 8px;text-align: left;line-height: 1.85;vertical-align: top\">Poids de l\u2019article<\/th>\n<td class=\"a-size-base prodDetAttrValue\" style=\"padding: 8px;line-height: 1.85;vertical-align: top\">\u200e70 g<\/td>\n<\/tr>\n<tr>\n<th class=\"a-color-secondary a-size-base prodDetSectionEntry\" style=\"padding: 8px;text-align: left;line-height: 1.85;vertical-align: top\">Disponibilit\u00e9 des pi\u00e8ces d\u00e9tach\u00e9es<\/th>\n<td class=\"a-size-base prodDetAttrValue\" style=\"padding: 8px;line-height: 1.85;vertical-align: top\">\u200eInformation indisponible sur les pi\u00e8ces d\u00e9tach\u00e9es<\/td>\n<\/tr>\n<\/tbody>\n<\/table>\n","protected":false},"excerpt":{"rendered":"<p><br data-mce-bogus=\"1\"><\/p>\n","protected":false},"featured_media":4273,"comment_status":"open","ping_status":"closed","template":"","meta":{"_gspb_post_css":""},"store":[],"product_brand":[],"product_cat":[279],"product_tag":[],"class_list":{"0":"post-4276","1":"product","2":"type-product","3":"status-publish","4":"has-post-thumbnail","6":"product_cat-encredimprimanteettoner","8":"first","9":"instock","10":"shipping-taxable","11":"purchasable","12":"product-type-simple"},"_links":{"self":[{"href":"https:\/\/bimba.sn\/index.php?rest_route=\/wp\/v2\/product\/4276","targetHints":{"allow":["GET"]}}],"collection":[{"href":"https:\/\/bimba.sn\/index.php?rest_route=\/wp\/v2\/product"}],"about":[{"href":"https:\/\/bimba.sn\/index.php?rest_route=\/wp\/v2\/types\/product"}],"replies":[{"embeddable":true,"href":"https:\/\/bimba.sn\/index.php?rest_route=%2Fwp%2Fv2%2Fcomments&post=4276"}],"wp:featuredmedia":[{"embeddable":true,"href":"https:\/\/bimba.sn\/index.php?rest_route=\/wp\/v2\/media\/4273"}],"wp:attachment":[{"href":"https:\/\/bimba.sn\/index.php?rest_route=%2Fwp%2Fv2%2Fmedia&parent=4276"}],"wp:term":[{"taxonomy":"store","embeddable":true,"href":"https:\/\/bimba.sn\/index.php?rest_route=%2Fwp%2Fv2%2Fstore&post=4276"},{"taxonomy":"product_brand","embeddable":true,"href":"https:\/\/bimba.sn\/index.php?rest_route=%2Fwp%2Fv2%2Fproduct_brand&post=4276"},{"taxonomy":"product_cat","embeddable":true,"href":"https:\/\/bimba.sn\/index.php?rest_route=%2Fwp%2Fv2%2Fproduct_cat&post=4276"},{"taxonomy":"product_tag","embeddable":true,"href":"https:\/\/bimba.sn\/index.php?rest_route=%2Fwp%2Fv2%2Fproduct_tag&post=4276"}],"curies":[{"name":"wp","href":"https:\/\/api.w.org\/{rel}","templated":true}]}}