{"id":4192,"date":"2025-05-23T20:12:28","date_gmt":"2025-05-23T18:12:28","guid":{"rendered":"https:\/\/bimba.sn\/?product=refrigerateur-astech-vitrine-fv274ac-1porte"},"modified":"2025-05-23T20:12:28","modified_gmt":"2025-05-23T18:12:28","slug":"refrigerateur-astech-vitrine-fv274ac-1porte","status":"publish","type":"product","link":"https:\/\/bimba.sn\/?product=refrigerateur-astech-vitrine-fv274ac-1porte","title":{"rendered":"REFRIGERATEUR ASTECH VITRINE FV274AC 1PORTE"},"content":{"rendered":"<p><br data-mce-bogus=\"1\"><\/p>\n","protected":false},"excerpt":{"rendered":"<div class=\"woocommerce-tabs wc-tabs-wrapper\" style=\"clear: both;padding-top: 100px\">\n<div class=\"woocommerce-Tabs-panel woocommerce-Tabs-panel--description panel entry-content wc-tab\" id=\"tab-description\" role=\"tabpanel\" aria-labelledby=\"tab-title-description\" style=\"margin: 0px 0px 2em;padding: 0px\">\n<p style=\"margin: 15px 0px;line-height: 1.66em\">Marque ASTECH Mod\u00e8le FV-274 Type de produit R\u00e9frig\u00e9rateur vitrine Nombre de portes 1 \u00c9tag\u00e8res 4 Classe A Capacit\u00e9 274Litres Dimension Long 1m80\/ largeur 60cm Profondeur 55cm Marque ASTECH Mod\u00e8le FV-274 Type de produit R\u00e9frig\u00e9rateur vitrine Nombre de portes 1 \u00c9tag\u00e8res 4 Classe A Capacit\u00e9 274Litres Dimension: hauteur 1m80\/ largeur 60cm Profondeur 55cm<\/p>\n<\/div>\n<\/div>\n<section class=\"related products\" style=\"margin-top: 130px\"><br class=\"Apple-interchange-newline\"><\/section>\n","protected":false},"featured_media":4191,"comment_status":"open","ping_status":"closed","template":"","meta":{"_gspb_post_css":""},"store":[],"product_brand":[],"product_cat":[252],"product_tag":[],"class_list":{"0":"post-4192","1":"product","2":"type-product","3":"status-publish","4":"has-post-thumbnail","6":"product_cat-refrigerateur","8":"first","9":"instock","10":"sale","11":"shipping-taxable","12":"purchasable","13":"product-type-simple"},"_links":{"self":[{"href":"https:\/\/bimba.sn\/index.php?rest_route=\/wp\/v2\/product\/4192","targetHints":{"allow":["GET"]}}],"collection":[{"href":"https:\/\/bimba.sn\/index.php?rest_route=\/wp\/v2\/product"}],"about":[{"href":"https:\/\/bimba.sn\/index.php?rest_route=\/wp\/v2\/types\/product"}],"replies":[{"embeddable":true,"href":"https:\/\/bimba.sn\/index.php?rest_route=%2Fwp%2Fv2%2Fcomments&post=4192"}],"wp:featuredmedia":[{"embeddable":true,"href":"https:\/\/bimba.sn\/index.php?rest_route=\/wp\/v2\/media\/4191"}],"wp:attachment":[{"href":"https:\/\/bimba.sn\/index.php?rest_route=%2Fwp%2Fv2%2Fmedia&parent=4192"}],"wp:term":[{"taxonomy":"store","embeddable":true,"href":"https:\/\/bimba.sn\/index.php?rest_route=%2Fwp%2Fv2%2Fstore&post=4192"},{"taxonomy":"product_brand","embeddable":true,"href":"https:\/\/bimba.sn\/index.php?rest_route=%2Fwp%2Fv2%2Fproduct_brand&post=4192"},{"taxonomy":"product_cat","embeddable":true,"href":"https:\/\/bimba.sn\/index.php?rest_route=%2Fwp%2Fv2%2Fproduct_cat&post=4192"},{"taxonomy":"product_tag","embeddable":true,"href":"https:\/\/bimba.sn\/index.php?rest_route=%2Fwp%2Fv2%2Fproduct_tag&post=4192"}],"curies":[{"name":"wp","href":"https:\/\/api.w.org\/{rel}","templated":true}]}}