{"id":4053,"date":"2025-05-22T18:26:32","date_gmt":"2025-05-22T16:26:32","guid":{"rendered":"https:\/\/bimba.sn\/?product=split-astech-ast-18cac102-te-18000btu-cassette-2cv"},"modified":"2025-05-22T18:26:32","modified_gmt":"2025-05-22T16:26:32","slug":"split-astech-ast-18cac102-te-18000btu-cassette-2cv","status":"publish","type":"product","link":"https:\/\/bimba.sn\/?product=split-astech-ast-18cac102-te-18000btu-cassette-2cv","title":{"rendered":"SPLIT ASTECH AST-18CAC102-TE 18000BTU CASSETTE 2CV"},"content":{"rendered":"<p><br data-mce-bogus=\"1\"><\/p>\n","protected":false},"excerpt":{"rendered":"<ul>\n<li>Marque: ASTECH<\/li>\n<li>\u00c9conomies d\u2019\u00e9nergie<\/li>\n<li>Fonctionnement Silencieux<\/li>\n<li>Capacit\u00e9 de refroidissement: 18 000 BTU<\/li>\n<li>Type de climatiseur : Split \u00e0 Cassette<\/li>\n<li>Fonctionnalit\u00e9s : T\u00e9l\u00e9commande, programmation de la minuterie, mode veille, red\u00e9marrage automatique<\/li>\n<\/ul>\n","protected":false},"featured_media":4052,"comment_status":"open","ping_status":"closed","template":"","meta":{"_gspb_post_css":""},"store":[],"product_brand":[],"product_cat":[264],"product_tag":[],"class_list":{"0":"post-4053","1":"product","2":"type-product","3":"status-publish","4":"has-post-thumbnail","6":"product_cat-qualitedelairetappareilssaisonniers","8":"first","9":"instock","10":"sale","11":"shipping-taxable","12":"purchasable","13":"product-type-simple"},"_links":{"self":[{"href":"https:\/\/bimba.sn\/index.php?rest_route=\/wp\/v2\/product\/4053","targetHints":{"allow":["GET"]}}],"collection":[{"href":"https:\/\/bimba.sn\/index.php?rest_route=\/wp\/v2\/product"}],"about":[{"href":"https:\/\/bimba.sn\/index.php?rest_route=\/wp\/v2\/types\/product"}],"replies":[{"embeddable":true,"href":"https:\/\/bimba.sn\/index.php?rest_route=%2Fwp%2Fv2%2Fcomments&post=4053"}],"wp:featuredmedia":[{"embeddable":true,"href":"https:\/\/bimba.sn\/index.php?rest_route=\/wp\/v2\/media\/4052"}],"wp:attachment":[{"href":"https:\/\/bimba.sn\/index.php?rest_route=%2Fwp%2Fv2%2Fmedia&parent=4053"}],"wp:term":[{"taxonomy":"store","embeddable":true,"href":"https:\/\/bimba.sn\/index.php?rest_route=%2Fwp%2Fv2%2Fstore&post=4053"},{"taxonomy":"product_brand","embeddable":true,"href":"https:\/\/bimba.sn\/index.php?rest_route=%2Fwp%2Fv2%2Fproduct_brand&post=4053"},{"taxonomy":"product_cat","embeddable":true,"href":"https:\/\/bimba.sn\/index.php?rest_route=%2Fwp%2Fv2%2Fproduct_cat&post=4053"},{"taxonomy":"product_tag","embeddable":true,"href":"https:\/\/bimba.sn\/index.php?rest_route=%2Fwp%2Fv2%2Fproduct_tag&post=4053"}],"curies":[{"name":"wp","href":"https:\/\/api.w.org\/{rel}","templated":true}]}}