{"id":4026,"date":"2025-05-22T18:08:28","date_gmt":"2025-05-22T16:08:28","guid":{"rendered":"https:\/\/bimba.sn\/?product=split-astech-36infg-ma-36000btu-armoire-inventer"},"modified":"2025-05-22T18:08:28","modified_gmt":"2025-05-22T16:08:28","slug":"split-astech-36infg-ma-36000btu-armoire-inventer","status":"publish","type":"product","link":"https:\/\/bimba.sn\/?product=split-astech-36infg-ma-36000btu-armoire-inventer","title":{"rendered":"SPLIT ASTECH 36INFG-MA 36000BTU ARMOIRE INVENTER"},"content":{"rendered":"<p><br data-mce-bogus=\"1\"><\/p>\n","protected":false},"excerpt":{"rendered":"<p><span>Marque: ASTECH<\/span><br \/><span>Cat\u00e9gorie: Climatiseur<\/span><br \/><span>Capacit\u00e9 de refroidissement: 36000<\/span><br \/><span>Btu R\u00e9frig\u00e9rant : R410 INVERTER Filtre ioniseur en argent (lavage facile) Fonction de diagnostique et de protection automatique Red\u00e9marrage automatique Cabinet anticorrosion Poids : 49 kg Dimensions (Lx H x P): 54 x 177.5x<\/span><br data-mce-bogus=\"1\"><\/p>\n","protected":false},"featured_media":4025,"comment_status":"open","ping_status":"closed","template":"","meta":{"_gspb_post_css":""},"store":[],"product_brand":[],"product_cat":[264],"product_tag":[],"class_list":{"0":"post-4026","1":"product","2":"type-product","3":"status-publish","4":"has-post-thumbnail","6":"product_cat-qualitedelairetappareilssaisonniers","8":"first","9":"instock","10":"sale","11":"shipping-taxable","12":"purchasable","13":"product-type-simple"},"_links":{"self":[{"href":"https:\/\/bimba.sn\/index.php?rest_route=\/wp\/v2\/product\/4026","targetHints":{"allow":["GET"]}}],"collection":[{"href":"https:\/\/bimba.sn\/index.php?rest_route=\/wp\/v2\/product"}],"about":[{"href":"https:\/\/bimba.sn\/index.php?rest_route=\/wp\/v2\/types\/product"}],"replies":[{"embeddable":true,"href":"https:\/\/bimba.sn\/index.php?rest_route=%2Fwp%2Fv2%2Fcomments&post=4026"}],"wp:featuredmedia":[{"embeddable":true,"href":"https:\/\/bimba.sn\/index.php?rest_route=\/wp\/v2\/media\/4025"}],"wp:attachment":[{"href":"https:\/\/bimba.sn\/index.php?rest_route=%2Fwp%2Fv2%2Fmedia&parent=4026"}],"wp:term":[{"taxonomy":"store","embeddable":true,"href":"https:\/\/bimba.sn\/index.php?rest_route=%2Fwp%2Fv2%2Fstore&post=4026"},{"taxonomy":"product_brand","embeddable":true,"href":"https:\/\/bimba.sn\/index.php?rest_route=%2Fwp%2Fv2%2Fproduct_brand&post=4026"},{"taxonomy":"product_cat","embeddable":true,"href":"https:\/\/bimba.sn\/index.php?rest_route=%2Fwp%2Fv2%2Fproduct_cat&post=4026"},{"taxonomy":"product_tag","embeddable":true,"href":"https:\/\/bimba.sn\/index.php?rest_route=%2Fwp%2Fv2%2Fproduct_tag&post=4026"}],"curies":[{"name":"wp","href":"https:\/\/api.w.org\/{rel}","templated":true}]}}