{"id":3948,"date":"2025-05-21T22:02:37","date_gmt":"2025-05-21T20:02:37","guid":{"rendered":"https:\/\/bimba.sn\/?product=split-astech-09rb41-9000btu-gaz-410-125cv"},"modified":"2025-05-21T22:02:38","modified_gmt":"2025-05-21T20:02:38","slug":"split-astech-09rb41-9000btu-gaz-410-125cv","status":"publish","type":"product","link":"https:\/\/bimba.sn\/?product=split-astech-09rb41-9000btu-gaz-410-125cv","title":{"rendered":"SPLIT ASTECH 09RB41 9000BTU GAZ 410 1,25CV"},"content":{"rendered":"<p><br data-mce-bogus=\"1\"><\/p>\n","protected":false},"excerpt":{"rendered":"<p style=\"margin-bottom: 1.7em;margin-top: 0px;font-family: Roboto;font-size: 14px\">Le climatiseur\u00a0<strong>split ASTECH 9000 BTU<\/strong>\u00a0AST 09RB41 MA GAZ 410 est con\u00e7u pour un refroidissement efficace et adapt\u00e9 \u00e0 divers environnements int\u00e9rieurs. Avec une capacit\u00e9 de refroidissement de 9000 BTU, il offre des performances \u00e9lev\u00e9es tout en utilisant le r\u00e9frig\u00e9rant R-410, respectueux de l\u2019environnement.<\/p>\n<p style=\"margin-bottom: 1.7em;margin-top: 0px;font-family: Roboto;font-size: 14px\">Ce produit, qui appartient aux cat\u00e9gories de la climatisation est un excellent choix pour ceux qui recherchent des solutions de climatisation fiables.<\/p>\n<p><br class=\"Apple-interchange-newline\"><\/p>\n","protected":false},"featured_media":3947,"comment_status":"open","ping_status":"closed","template":"","meta":{"_gspb_post_css":""},"store":[],"product_brand":[],"product_cat":[264],"product_tag":[],"class_list":{"0":"post-3948","1":"product","2":"type-product","3":"status-publish","4":"has-post-thumbnail","6":"product_cat-qualitedelairetappareilssaisonniers","8":"first","9":"instock","10":"sale","11":"shipping-taxable","12":"purchasable","13":"product-type-simple"},"_links":{"self":[{"href":"https:\/\/bimba.sn\/index.php?rest_route=\/wp\/v2\/product\/3948","targetHints":{"allow":["GET"]}}],"collection":[{"href":"https:\/\/bimba.sn\/index.php?rest_route=\/wp\/v2\/product"}],"about":[{"href":"https:\/\/bimba.sn\/index.php?rest_route=\/wp\/v2\/types\/product"}],"replies":[{"embeddable":true,"href":"https:\/\/bimba.sn\/index.php?rest_route=%2Fwp%2Fv2%2Fcomments&post=3948"}],"wp:featuredmedia":[{"embeddable":true,"href":"https:\/\/bimba.sn\/index.php?rest_route=\/wp\/v2\/media\/3947"}],"wp:attachment":[{"href":"https:\/\/bimba.sn\/index.php?rest_route=%2Fwp%2Fv2%2Fmedia&parent=3948"}],"wp:term":[{"taxonomy":"store","embeddable":true,"href":"https:\/\/bimba.sn\/index.php?rest_route=%2Fwp%2Fv2%2Fstore&post=3948"},{"taxonomy":"product_brand","embeddable":true,"href":"https:\/\/bimba.sn\/index.php?rest_route=%2Fwp%2Fv2%2Fproduct_brand&post=3948"},{"taxonomy":"product_cat","embeddable":true,"href":"https:\/\/bimba.sn\/index.php?rest_route=%2Fwp%2Fv2%2Fproduct_cat&post=3948"},{"taxonomy":"product_tag","embeddable":true,"href":"https:\/\/bimba.sn\/index.php?rest_route=%2Fwp%2Fv2%2Fproduct_tag&post=3948"}],"curies":[{"name":"wp","href":"https:\/\/api.w.org\/{rel}","templated":true}]}}