{"id":3842,"date":"2025-05-17T14:31:27","date_gmt":"2025-05-17T12:31:27","guid":{"rendered":"https:\/\/bimba.sn\/?product=meta-quest-3-128gb-realite-mixte-revolutionnaire-performances-spectaculaires"},"modified":"2025-05-17T14:31:27","modified_gmt":"2025-05-17T12:31:27","slug":"meta-quest-3-128gb-realite-mixte-revolutionnaire-performances-spectaculaires","status":"publish","type":"product","link":"https:\/\/bimba.sn\/?product=meta-quest-3-128gb-realite-mixte-revolutionnaire-performances-spectaculaires","title":{"rendered":"Meta Quest 3 128Gb \u2014 R\u00e9alit\u00e9 mixte r\u00e9volutionnaire \u2014 Performances spectaculaires"},"content":{"rendered":"<p><br data-mce-bogus=\"1\"><\/p>\n","protected":false},"excerpt":{"rendered":"<ul class=\"a-unordered-list a-vertical a-spacing-mini\">\n<li class=\"a-spacing-mini\" style=\"margin: 0px\"><span class=\"a-list-item\">Il s\u2019agit de notre Quest le plus performant \u00e0 ce jour*, avec des performances in\u00e9gal\u00e9es et une puissance de traitement deux fois sup\u00e9rieure \u00e0 celle de Quest 2. (* Selon les performances graphiques de Snapdragon XR2 Gen 2 par rapport \u00e0 Meta Quest 2.)<\/span><\/li>\n<li class=\"a-spacing-mini\" style=\"margin: 0px\"><span class=\"a-list-item\">Optimisez votre immersion gr\u00e2ce \u00e0 l\u2019affichage Infinite Display 4K+ (d\u2019une r\u00e9solution pr\u00e8s de 30 % sup\u00e9rieure \u00e0 celle de Meta Quest 2), et un son 3D plus clair, des performances optimis\u00e9es dans les basses, et un volume maximal sup\u00e9rieur \u00e0 40 % par rapport \u00e0 Quest 2<\/span><\/li>\n<li class=\"a-spacing-mini\" style=\"margin: 0px\"><span class=\"a-list-item\">Des outils de supervision et des fonctionnalit\u00e9s de confidentialit\u00e9 permettent d\u2019assurer la s\u00e9curit\u00e9 de chaque membre de la famille. Consulter les conseils pour la s\u00e9curit\u00e9 en ligne des enfants ; Comptes pour des utilisateurs de 10 ans et plus<\/span><\/li>\n<\/ul>\n","protected":false},"featured_media":3839,"comment_status":"open","ping_status":"closed","template":"","meta":{"_gspb_post_css":""},"store":[],"product_brand":[],"product_cat":[226,234,204],"product_tag":[],"class_list":{"0":"post-3842","1":"product","2":"type-product","3":"status-publish","4":"has-post-thumbnail","6":"product_cat-accessoirehightech","7":"product_cat-accessoireimageetson","8":"product_cat-jeuxvideosconsole","10":"first","11":"instock","12":"shipping-taxable","13":"purchasable","14":"product-type-simple"},"_links":{"self":[{"href":"https:\/\/bimba.sn\/index.php?rest_route=\/wp\/v2\/product\/3842","targetHints":{"allow":["GET"]}}],"collection":[{"href":"https:\/\/bimba.sn\/index.php?rest_route=\/wp\/v2\/product"}],"about":[{"href":"https:\/\/bimba.sn\/index.php?rest_route=\/wp\/v2\/types\/product"}],"replies":[{"embeddable":true,"href":"https:\/\/bimba.sn\/index.php?rest_route=%2Fwp%2Fv2%2Fcomments&post=3842"}],"wp:featuredmedia":[{"embeddable":true,"href":"https:\/\/bimba.sn\/index.php?rest_route=\/wp\/v2\/media\/3839"}],"wp:attachment":[{"href":"https:\/\/bimba.sn\/index.php?rest_route=%2Fwp%2Fv2%2Fmedia&parent=3842"}],"wp:term":[{"taxonomy":"store","embeddable":true,"href":"https:\/\/bimba.sn\/index.php?rest_route=%2Fwp%2Fv2%2Fstore&post=3842"},{"taxonomy":"product_brand","embeddable":true,"href":"https:\/\/bimba.sn\/index.php?rest_route=%2Fwp%2Fv2%2Fproduct_brand&post=3842"},{"taxonomy":"product_cat","embeddable":true,"href":"https:\/\/bimba.sn\/index.php?rest_route=%2Fwp%2Fv2%2Fproduct_cat&post=3842"},{"taxonomy":"product_tag","embeddable":true,"href":"https:\/\/bimba.sn\/index.php?rest_route=%2Fwp%2Fv2%2Fproduct_tag&post=3842"}],"curies":[{"name":"wp","href":"https:\/\/api.w.org\/{rel}","templated":true}]}}