{"id":3444,"date":"2025-05-13T17:10:27","date_gmt":"2025-05-13T15:10:27","guid":{"rendered":"https:\/\/bimba.sn\/?product=cuisiniere-astech-ck92acfrm-5feux-full-option-minuterie"},"modified":"2025-05-13T17:10:28","modified_gmt":"2025-05-13T15:10:28","slug":"cuisiniere-astech-ck92acfrm-5feux-full-option-minuterie","status":"publish","type":"product","link":"https:\/\/bimba.sn\/?product=cuisiniere-astech-ck92acfrm-5feux-full-option-minuterie","title":{"rendered":"CUISINIERE ASTECH CK92ACFRM 5FEUX FULL OPTION MINUTERIE"},"content":{"rendered":"<p><br data-mce-bogus=\"1\"><\/p>\n","protected":false},"excerpt":{"rendered":"<p><span>Marque: ASTECH<\/span><br \/><span>Cat\u00e9gorie: Cuisini\u00e8re<\/span><br \/><span>Marque: ASTECH<\/span><br \/><span>Mod\u00e8le: CK92<\/span><br \/><span>Couleur: Gris<\/span><br \/><span>Type de produit: Cuisini\u00e8re 5 feux \u00e0 gaz Tourne broche, allumage \u00e9lectrique, lampe de four, minuterie, thermostat Profondeur:<\/span><br \/><span>60cm<\/span><br data-mce-bogus=\"1\"><\/p>\n","protected":false},"featured_media":3443,"comment_status":"open","ping_status":"closed","template":"","meta":{"_gspb_post_css":""},"store":[],"product_brand":[],"product_cat":[260,250],"product_tag":[],"class_list":{"0":"post-3444","1":"product","2":"type-product","3":"status-publish","4":"has-post-thumbnail","6":"product_cat-appareilsdecuisine","7":"product_cat-gazaniere","9":"first","10":"instock","11":"sale","12":"shipping-taxable","13":"purchasable","14":"product-type-simple"},"_links":{"self":[{"href":"https:\/\/bimba.sn\/index.php?rest_route=\/wp\/v2\/product\/3444","targetHints":{"allow":["GET"]}}],"collection":[{"href":"https:\/\/bimba.sn\/index.php?rest_route=\/wp\/v2\/product"}],"about":[{"href":"https:\/\/bimba.sn\/index.php?rest_route=\/wp\/v2\/types\/product"}],"replies":[{"embeddable":true,"href":"https:\/\/bimba.sn\/index.php?rest_route=%2Fwp%2Fv2%2Fcomments&post=3444"}],"wp:featuredmedia":[{"embeddable":true,"href":"https:\/\/bimba.sn\/index.php?rest_route=\/wp\/v2\/media\/3443"}],"wp:attachment":[{"href":"https:\/\/bimba.sn\/index.php?rest_route=%2Fwp%2Fv2%2Fmedia&parent=3444"}],"wp:term":[{"taxonomy":"store","embeddable":true,"href":"https:\/\/bimba.sn\/index.php?rest_route=%2Fwp%2Fv2%2Fstore&post=3444"},{"taxonomy":"product_brand","embeddable":true,"href":"https:\/\/bimba.sn\/index.php?rest_route=%2Fwp%2Fv2%2Fproduct_brand&post=3444"},{"taxonomy":"product_cat","embeddable":true,"href":"https:\/\/bimba.sn\/index.php?rest_route=%2Fwp%2Fv2%2Fproduct_cat&post=3444"},{"taxonomy":"product_tag","embeddable":true,"href":"https:\/\/bimba.sn\/index.php?rest_route=%2Fwp%2Fv2%2Fproduct_tag&post=3444"}],"curies":[{"name":"wp","href":"https:\/\/api.w.org\/{rel}","templated":true}]}}