{"id":3407,"date":"2025-05-13T00:58:53","date_gmt":"2025-05-12T22:58:53","guid":{"rendered":"https:\/\/bimba.sn\/?product=cuisiniere-astech-cs-80mis-80-60-5feux-full-option"},"modified":"2025-05-13T00:58:53","modified_gmt":"2025-05-12T22:58:53","slug":"cuisiniere-astech-cs-80mis-80-60-5feux-full-option","status":"publish","type":"product","link":"https:\/\/bimba.sn\/?product=cuisiniere-astech-cs-80mis-80-60-5feux-full-option","title":{"rendered":"CUISINIERE ASTECH CS-80MIS 80\/60 5FEUX FULL OPTION"},"content":{"rendered":"<p><br data-mce-bogus=\"1\"><\/p>\n","protected":false},"excerpt":{"rendered":"<div class=\"listing-item__info\" style=\"margin-bottom: 24px;position: relative;width: 600px;float: none;padding-left: 12px;padding-right: 12px;flex: 0 0 100%;max-width: 100%;clear: both\">\n<div class=\"listing-item__description\" style=\"margin-bottom: 12px;margin-top: 12px\">\n<p style=\"margin-top: 0px;margin-bottom: 1rem\">CUISINI\u00c8RE ASTECH5 5 FEUX 80\/ \/60 CM AVEC GRILLE ALLUM\u00c9 BRIQUET INOX GAZ TR\u00c8S BONNE QUALIT\u00c9 \u00c9CONOMIE DE GAZ GARANTIE 12 MOIS SAV LIVRAISON RAPIDE ET EFFICACE DANS 6 HEURES INCHA ALLAH \u00c0 DAKAR NOUS SOMMES DANS LA VOTRE DISPONIBLE POUR TOUTE LE QUESTION CONCERNE VOTRE DEMANDE NOUS LIVERE \u00c0 TOUTE LES D\u00c9PARTEMENTS DU S\u00c9N\u00c9GAL cuisini\u00e8re cuisine cuisini\u00e8re<\/p>\n<\/div>\n<\/div>\n<div class=\"listing-item__safety-tips\" style=\"font-size: 0.875rem;margin: 18px 0px;padding: 24px\"><br class=\"Apple-interchange-newline\"><\/div>\n","protected":false},"featured_media":3406,"comment_status":"open","ping_status":"closed","template":"","meta":{"_gspb_post_css":""},"store":[],"product_brand":[],"product_cat":[249,250],"product_tag":[],"class_list":{"0":"post-3407","1":"product","2":"type-product","3":"status-publish","4":"has-post-thumbnail","6":"product_cat-appareildecuiqson","7":"product_cat-gazaniere","9":"first","10":"instock","11":"sale","12":"shipping-taxable","13":"purchasable","14":"product-type-simple"},"_links":{"self":[{"href":"https:\/\/bimba.sn\/index.php?rest_route=\/wp\/v2\/product\/3407","targetHints":{"allow":["GET"]}}],"collection":[{"href":"https:\/\/bimba.sn\/index.php?rest_route=\/wp\/v2\/product"}],"about":[{"href":"https:\/\/bimba.sn\/index.php?rest_route=\/wp\/v2\/types\/product"}],"replies":[{"embeddable":true,"href":"https:\/\/bimba.sn\/index.php?rest_route=%2Fwp%2Fv2%2Fcomments&post=3407"}],"wp:featuredmedia":[{"embeddable":true,"href":"https:\/\/bimba.sn\/index.php?rest_route=\/wp\/v2\/media\/3406"}],"wp:attachment":[{"href":"https:\/\/bimba.sn\/index.php?rest_route=%2Fwp%2Fv2%2Fmedia&parent=3407"}],"wp:term":[{"taxonomy":"store","embeddable":true,"href":"https:\/\/bimba.sn\/index.php?rest_route=%2Fwp%2Fv2%2Fstore&post=3407"},{"taxonomy":"product_brand","embeddable":true,"href":"https:\/\/bimba.sn\/index.php?rest_route=%2Fwp%2Fv2%2Fproduct_brand&post=3407"},{"taxonomy":"product_cat","embeddable":true,"href":"https:\/\/bimba.sn\/index.php?rest_route=%2Fwp%2Fv2%2Fproduct_cat&post=3407"},{"taxonomy":"product_tag","embeddable":true,"href":"https:\/\/bimba.sn\/index.php?rest_route=%2Fwp%2Fv2%2Fproduct_tag&post=3407"}],"curies":[{"name":"wp","href":"https:\/\/api.w.org\/{rel}","templated":true}]}}