{"id":3349,"date":"2025-05-12T19:44:09","date_gmt":"2025-05-12T17:44:09","guid":{"rendered":"https:\/\/bimba.sn\/?product=imprimante-multifonction-hp-laserjet-mfp-m141a-rapide"},"modified":"2025-05-12T19:44:09","modified_gmt":"2025-05-12T17:44:09","slug":"imprimante-multifonction-hp-laserjet-mfp-m141a-rapide","status":"publish","type":"product","link":"https:\/\/bimba.sn\/?product=imprimante-multifonction-hp-laserjet-mfp-m141a-rapide","title":{"rendered":"Imprimante Multifonction HP LaserJet MFP M141a &#8211; Rapide"},"content":{"rendered":"<div class=\"DetailedSpecs-module_specWrapper__Tk3cI\" style=\"font-family: Yantramanav, sans-serif;font-size: 14px\">\n<div class=\"DetailedSpecs-module_category__1re-O\">SYST\u00c8MES D\u2019EXPLOITATION PRIS EN CHARGE<\/div>\n<div>\n<div class=\"Spec-module_spec__36KF7 Spec-module_subSpec__1TXZE\">\n<div class=\"Spec-module_innerLeft__1GYQ0\">\n<p class=\"Typography-module_root__1WutS Typography-module_boldL__1Nilz Typography-module_responsive__3lKqJ\" data-test-hook=\"@hpstellar\/core\/typography\" style=\"margin: 0px 0px 14.5px\">Syst\u00e8mes d\u2019exploitations r\u00e9seau compatibles<\/p>\n<\/div>\n<div class=\"Spec-module_innerRight__JXkTu\">\n<p class=\"Typography-module_root__1WutS Typography-module_bodyL__2KOWx Spec-module_value__2k-3o Typography-module_responsive__3lKqJ\" data-test-hook=\"@hpstellar\/core\/typography\" style=\"margin: 0px 0px 14.5px\">Windows 11<br \/> Serveur Windows<br \/> Linux<\/p>\n<\/div>\n<\/div>\n<div class=\"Spec-module_spec__36KF7 Spec-module_subSpec__1TXZE\">\n<div class=\"Spec-module_innerLeft__1GYQ0\">\n<p class=\"Typography-module_root__1WutS Typography-module_boldL__1Nilz Typography-module_responsive__3lKqJ\" data-test-hook=\"@hpstellar\/core\/typography\" style=\"margin: 0px 0px 14.5px\">Syst\u00e8mes d\u2019exploitation support\u00e9s<\/p>\n<\/div>\n<div class=\"Spec-module_innerRight__JXkTu\">\n<p class=\"Typography-module_root__1WutS Typography-module_bodyL__2KOWx Spec-module_value__2k-3o Typography-module_responsive__3lKqJ\" data-test-hook=\"@hpstellar\/core\/typography\" style=\"margin: 0px 0px 14.5px\">Windows 11<br \/> Windows 10<br \/> macOS 10.14 Mojave<br \/> macOS 10.15 Catalina<br \/> Linux<\/p>\n<\/div>\n<\/div>\n<div class=\"Spec-module_spec__36KF7 Spec-module_subSpec__1TXZE\">\n<div class=\"Spec-module_innerLeft__1GYQ0\">\n<p class=\"Typography-module_root__1WutS Typography-module_boldL__1Nilz Typography-module_responsive__3lKqJ\" data-test-hook=\"@hpstellar\/core\/typography\" style=\"margin: 0px 0px 14.5px\">Syst\u00e8me d\u2019exploitation (pris en charge, notice)<\/p>\n<\/div>\n<div class=\"Spec-module_innerRight__JXkTu\">\n<p class=\"Typography-module_root__1WutS Typography-module_bodyL__2KOWx Spec-module_value__2k-3o Typography-module_responsive__3lKqJ\" data-test-hook=\"@hpstellar\/core\/typography\" style=\"margin: 0px 0px 14.5px\">Ne prend pas en charge de Windows\u00ae XP (64 bits) et Windows Vista\u00ae (64 bits), Windows 7, 8, 8.1. La solution logicielle compl\u00e8te est disponible uniquement pour Windows 10 et les versions ult\u00e9rieures<br \/> Pour Windows Server 2008 R2 64\u00a0bits, 2012 64\u00a0bits, 2012 R2 64\u00a0bits, 2016 64\u00a0bits, seul un pilote d\u2019impression est install\u00e9. Le syst\u00e8me d\u2019exploitation Windows RT pour tablettes (32 bits et 64 bits) utilise un pilote d\u2019impression HP simplifi\u00e9 int\u00e9gr\u00e9 dans le syst\u00e8me d\u2019exploitation RT<br \/> Les syst\u00e8mes Linux utilisent le logiciel HPLIP inclus dans le syst\u00e8me d\u2019exploitation.<\/p>\n<\/div>\n<\/div>\n<\/div>\n<\/div>\n<div class=\"DetailedSpecs-module_specWrapper__Tk3cI\" style=\"font-family: Yantramanav, sans-serif;font-size: 14px\">\n<div class=\"DetailedSpecs-module_category__1re-O\">PROCESSEUR<\/div>\n<div>\n<div class=\"Spec-module_spec__36KF7 Spec-module_subSpec__1TXZE\">\n<div class=\"Spec-module_innerLeft__1GYQ0\">\n<p class=\"Typography-module_root__1WutS Typography-module_boldL__1Nilz Typography-module_responsive__3lKqJ\" data-test-hook=\"@hpstellar\/core\/typography\" style=\"margin: 0px 0px 14.5px\">Vitesse du processeur<\/p>\n<\/div>\n<div class=\"Spec-module_innerRight__JXkTu\">\n<p class=\"Typography-module_root__1WutS Typography-module_bodyL__2KOWx Spec-module_value__2k-3o Typography-module_responsive__3lKqJ\" data-test-hook=\"@hpstellar\/core\/typography\" style=\"margin: 0px 0px 14.5px\">500\u00a0MHz<\/p>\n<\/div>\n<\/div>\n<\/div>\n<\/div>\n<div class=\"DetailedSpecs-module_specWrapper__Tk3cI\" style=\"font-family: Yantramanav, sans-serif;font-size: 14px\">\n<div class=\"DetailedSpecs-module_category__1re-O\">M\u00c9MOIRE<\/div>\n<div>\n<div class=\"Spec-module_spec__36KF7 Spec-module_subSpec__1TXZE\">\n<div class=\"Spec-module_innerLeft__1GYQ0\">\n<p class=\"Typography-module_root__1WutS Typography-module_boldL__1Nilz Typography-module_responsive__3lKqJ\" data-test-hook=\"@hpstellar\/core\/typography\" style=\"margin: 0px 0px 14.5px\">M\u00e9moire, standard<\/p>\n<\/div>\n<div class=\"Spec-module_innerRight__JXkTu\">\n<p class=\"Typography-module_root__1WutS Typography-module_bodyL__2KOWx Spec-module_value__2k-3o Typography-module_responsive__3lKqJ\" data-test-hook=\"@hpstellar\/core\/typography\" style=\"margin: 0px 0px 14.5px\">64 Mo<\/p>\n<\/div>\n<\/div>\n<div class=\"Spec-module_spec__36KF7 Spec-module_subSpec__1TXZE\">\n<div class=\"Spec-module_innerLeft__1GYQ0\">\n<p class=\"Typography-module_root__1WutS Typography-module_boldL__1Nilz Typography-module_responsive__3lKqJ\" data-test-hook=\"@hpstellar\/core\/typography\" style=\"margin: 0px 0px 14.5px\">M\u00e9moire, maximale<\/p>\n<\/div>\n<div class=\"Spec-module_innerRight__JXkTu\">\n<p class=\"Typography-module_root__1WutS Typography-module_bodyL__2KOWx Spec-module_value__2k-3o Typography-module_responsive__3lKqJ\" data-test-hook=\"@hpstellar\/core\/typography\" style=\"margin: 0px 0px 14.5px\">16 Mo de flash ROM<br \/> 64 Mo de m\u00e9moire DDR1<br \/> 32 Ko de m\u00e9moire NVRAM<\/p>\n<\/div>\n<\/div>\n<\/div>\n<\/div>\n<div class=\"DetailedSpecs-module_specWrapper__Tk3cI\" style=\"font-family: Yantramanav, sans-serif;font-size: 14px\">\n<div class=\"DetailedSpecs-module_category__1re-O\">CARACT\u00c9RISTIQUES D\u2019AFFICHAGE<\/div>\n<div>\n<div class=\"Spec-module_spec__36KF7 Spec-module_subSpec__1TXZE\">\n<div class=\"Spec-module_innerLeft__1GYQ0\">\n<p class=\"Typography-module_root__1WutS Typography-module_boldL__1Nilz Typography-module_responsive__3lKqJ\" data-test-hook=\"@hpstellar\/core\/typography\" style=\"margin: 0px 0px 14.5px\">Ecran<\/p>\n<\/div>\n<div class=\"Spec-module_innerRight__JXkTu\">\n<p class=\"Typography-module_root__1WutS Typography-module_bodyL__2KOWx Spec-module_value__2k-3o Typography-module_responsive__3lKqJ\" data-test-hook=\"@hpstellar\/core\/typography\" style=\"margin: 0px 0px 14.5px\">ICON LCD<br \/> LED<\/p>\n<\/div>\n<\/div>\n<div class=\"Spec-module_spec__36KF7 Spec-module_subSpec__1TXZE\">\n<div class=\"Spec-module_innerLeft__1GYQ0\">\n<p class=\"Typography-module_root__1WutS Typography-module_boldL__1Nilz Typography-module_responsive__3lKqJ\" data-test-hook=\"@hpstellar\/core\/typography\" style=\"margin: 0px 0px 14.5px\">Zone d\u2019affichage (mesure imp\u00e9riale)<\/p>\n<\/div>\n<div class=\"Spec-module_innerRight__JXkTu\">\n<p class=\"Typography-module_root__1WutS Typography-module_bodyL__2KOWx Spec-module_value__2k-3o Typography-module_responsive__3lKqJ\" data-test-hook=\"@hpstellar\/core\/typography\" style=\"margin: 0px 0px 14.5px\">0.81 x 0.64 in<\/p>\n<\/div>\n<\/div>\n<\/div>\n<\/div>\n<div class=\"DetailedSpecs-module_specWrapper__Tk3cI\" style=\"font-family: Yantramanav, sans-serif;font-size: 14px\">\n<div class=\"DetailedSpecs-module_category__1re-O\">CONTENU DE L\u2019EMBALLAGE<\/div>\n<div>\n<div class=\"Spec-module_spec__36KF7 Spec-module_subSpec__1TXZE\">\n<div class=\"Spec-module_innerLeft__1GYQ0\">\n<p class=\"Typography-module_root__1WutS Typography-module_boldL__1Nilz Typography-module_responsive__3lKqJ\" data-test-hook=\"@hpstellar\/core\/typography\" style=\"margin: 0px 0px 14.5px\">Contenu de l\u2019emballage<\/p>\n<\/div>\n<div class=\"Spec-module_innerRight__JXkTu\">\n<p class=\"Typography-module_root__1WutS Typography-module_bodyL__2KOWx Spec-module_value__2k-3o Typography-module_responsive__3lKqJ\" data-test-hook=\"@hpstellar\/core\/typography\" style=\"margin: 0px 0px 14.5px\">Imprimante HP LaserJet M139we noir et blanc sans fil<br \/> HP 141A Toner noir LaserJet<br \/> Cordon d\u2019alimentation<br \/> Poster d\u2019installation<br \/> Guide de r\u00e9f\u00e9rence<br \/> Guide de garantie et prospectus.<\/p>\n<\/div>\n<\/div>\n<\/div>\n<\/div>\n<div class=\"DetailedSpecs-module_specWrapper__Tk3cI\" style=\"font-family: Yantramanav, sans-serif;font-size: 14px\">\n<div class=\"DetailedSpecs-module_category__1re-O\">CONNECTIVIT\u00c9 ET COMMUNICATIONS<\/div>\n<div>\n<div class=\"Spec-module_spec__36KF7 Spec-module_subSpec__1TXZE\">\n<div class=\"Spec-module_innerLeft__1GYQ0\">\n<p class=\"Typography-module_root__1WutS Typography-module_boldL__1Nilz Typography-module_responsive__3lKqJ\" data-test-hook=\"@hpstellar\/core\/typography\" style=\"margin: 0px 0px 14.5px\">Fonctionnalit\u00e9 d\u2019impression mobile<\/p>\n<\/div>\n<div class=\"Spec-module_innerRight__JXkTu\">\n<p class=\"Typography-module_root__1WutS Typography-module_bodyL__2KOWx Spec-module_value__2k-3o Typography-module_responsive__3lKqJ\" data-test-hook=\"@hpstellar\/core\/typography\" style=\"margin: 0px 0px 14.5px\">Application HP Smart<br \/> Apple AirPrint\u2122<br \/> Certifi\u00e9 Mopria\u2122<br \/> Impression Wi-Fi\u00ae Direct<\/p>\n<\/div>\n<\/div>\n<div class=\"Spec-module_spec__36KF7 Spec-module_subSpec__1TXZE\">\n<div class=\"Spec-module_innerLeft__1GYQ0\">\n<p class=\"Typography-module_root__1WutS Typography-module_boldL__1Nilz Typography-module_responsive__3lKqJ\" data-test-hook=\"@hpstellar\/core\/typography\" style=\"margin: 0px 0px 14.5px\">Fonctionnalit\u00e9s sans fil<\/p>\n<\/div>\n<div class=\"Spec-module_innerRight__JXkTu\">\n<p class=\"Typography-module_root__1WutS Typography-module_bodyL__2KOWx Spec-module_value__2k-3o Typography-module_responsive__3lKqJ\" data-test-hook=\"@hpstellar\/core\/typography\" style=\"margin: 0px 0px 14.5px\">Oui<\/p>\n<\/div>\n<\/div>\n<div class=\"Spec-module_spec__36KF7 Spec-module_subSpec__1TXZE\">\n<div class=\"Spec-module_innerLeft__1GYQ0\">\n<p class=\"Typography-module_root__1WutS Typography-module_boldL__1Nilz Typography-module_responsive__3lKqJ\" data-test-hook=\"@hpstellar\/core\/typography\" style=\"margin: 0px 0px 14.5px\">Connectivit\u00e9, standard<\/p>\n<\/div>\n<div class=\"Spec-module_innerRight__JXkTu\">\n<p class=\"Typography-module_root__1WutS Typography-module_bodyL__2KOWx Spec-module_value__2k-3o Typography-module_responsive__3lKqJ\" data-test-hook=\"@hpstellar\/core\/typography\" style=\"margin: 0px 0px 14.5px\">802.11b\/g\/n (2.4 GHz) Radio Wi-Fi + BLE<\/p>\n<\/div>\n<\/div>\n<\/div>\n<\/div>\n","protected":false},"excerpt":{"rendered":"<p style=\"margin-top: 0px;margin-bottom: 0.625rem;font-family: Roboto, sans-serif;font-size: 13px\">Optimisez votre espace et vos t\u00e2ches avec l\u2019imprimante multifonction HP LaserJet MFP M141a. Con\u00e7ue pour imprimer, num\u00e9riser et copier rapidement, elle allie performance et compacit\u00e9.<\/p>\n<ul style=\"margin-bottom: 1rem;margin-top: 0px;padding-left: 15px;font-family: Roboto, sans-serif;font-size: 13px\">\n<li><span style=\"font-weight: bolder\">Impression rapide :<\/span>\u00a0Obtenez des vitesses allant jusqu\u2019\u00e0 20 pages par minute pour une productivit\u00e9 maximale.<\/li>\n<li style=\"padding-top: 5px\"><span style=\"font-weight: bolder\">Fonctionnalit\u00e9s 3-en-1 :<\/span>\u00a0Imprimez, copiez et num\u00e9risez facilement depuis un seul appareil.<\/li>\n<li style=\"padding-top: 5px\"><span style=\"font-weight: bolder\">Design ultra-compact :<\/span>\u00a0Une imprimante multifonction qui s\u2019int\u00e8gre parfaitement dans tous les espaces r\u00e9duits.<\/li>\n<li style=\"padding-top: 5px\"><span style=\"font-weight: bolder\">Technologie \u00e9co-\u00e9nerg\u00e9tique :<\/span>\u00a0La fonction HP Auto-On\/Auto-Off permet de r\u00e9duire la consommation \u00e9nerg\u00e9tique.<\/li>\n<li style=\"padding-top: 5px\"><span style=\"font-weight: bolder\">Application HP Smart :<\/span>\u00a0Configurez votre imprimante rapidement et g\u00e9rez vos t\u00e2ches depuis votre smartphone.<\/li>\n<li style=\"padding-top: 5px\"><span style=\"font-weight: bolder\">Qualit\u00e9 laser professionnelle :<\/span>\u00a0B\u00e9n\u00e9ficiez d\u2019une qualit\u00e9 d\u2019impression exceptionnelle, page apr\u00e8s page.<\/li>\n<li style=\"padding-top: 5px\"><span style=\"font-weight: bolder\">Copies de cartes d\u2019identit\u00e9 simplifi\u00e9es :<\/span>\u00a0Imprimez facilement les deux faces d\u2019une carte sur une seule page.<\/li>\n<\/ul>\n","protected":false},"featured_media":3347,"comment_status":"open","ping_status":"closed","template":"","meta":{"_gspb_post_css":""},"store":[],"product_brand":[],"product_cat":[270],"product_tag":[],"class_list":{"0":"post-3349","1":"product","2":"type-product","3":"status-publish","4":"has-post-thumbnail","6":"product_cat-imprimantes","8":"first","9":"instock","10":"shipping-taxable","11":"purchasable","12":"product-type-simple"},"_links":{"self":[{"href":"https:\/\/bimba.sn\/index.php?rest_route=\/wp\/v2\/product\/3349","targetHints":{"allow":["GET"]}}],"collection":[{"href":"https:\/\/bimba.sn\/index.php?rest_route=\/wp\/v2\/product"}],"about":[{"href":"https:\/\/bimba.sn\/index.php?rest_route=\/wp\/v2\/types\/product"}],"replies":[{"embeddable":true,"href":"https:\/\/bimba.sn\/index.php?rest_route=%2Fwp%2Fv2%2Fcomments&post=3349"}],"wp:featuredmedia":[{"embeddable":true,"href":"https:\/\/bimba.sn\/index.php?rest_route=\/wp\/v2\/media\/3347"}],"wp:attachment":[{"href":"https:\/\/bimba.sn\/index.php?rest_route=%2Fwp%2Fv2%2Fmedia&parent=3349"}],"wp:term":[{"taxonomy":"store","embeddable":true,"href":"https:\/\/bimba.sn\/index.php?rest_route=%2Fwp%2Fv2%2Fstore&post=3349"},{"taxonomy":"product_brand","embeddable":true,"href":"https:\/\/bimba.sn\/index.php?rest_route=%2Fwp%2Fv2%2Fproduct_brand&post=3349"},{"taxonomy":"product_cat","embeddable":true,"href":"https:\/\/bimba.sn\/index.php?rest_route=%2Fwp%2Fv2%2Fproduct_cat&post=3349"},{"taxonomy":"product_tag","embeddable":true,"href":"https:\/\/bimba.sn\/index.php?rest_route=%2Fwp%2Fv2%2Fproduct_tag&post=3349"}],"curies":[{"name":"wp","href":"https:\/\/api.w.org\/{rel}","templated":true}]}}