{"id":3346,"date":"2025-05-12T19:39:34","date_gmt":"2025-05-12T17:39:34","guid":{"rendered":"https:\/\/bimba.sn\/?product=mprimante-hp-multifonction-laserjet-pro-couleur-mfp-3303fdw"},"modified":"2025-05-12T19:39:35","modified_gmt":"2025-05-12T17:39:35","slug":"mprimante-hp-multifonction-laserjet-pro-couleur-mfp-3303fdw","status":"publish","type":"product","link":"https:\/\/bimba.sn\/?product=mprimante-hp-multifonction-laserjet-pro-couleur-mfp-3303fdw","title":{"rendered":"mprimante Hp Multifonction LaserJet Pro Couleur MFP 3303fdw"},"content":{"rendered":"<table border=\"1\" style=\"border-collapse: collapse;border-spacing: 0px;width: 808px;max-width: 100%;margin-bottom: 29px;font-family: Yantramanav, sans-serif;font-size: 14px\">\n<tbody>\n<tr>\n<th style=\"padding: 8px;text-align: left;line-height: 1.85;vertical-align: top\">Caract\u00e9ristiques<\/th>\n<th style=\"padding: 8px;text-align: left;line-height: 1.85;vertical-align: top\">D\u00e9tails<\/th>\n<\/tr>\n<tr>\n<td style=\"padding: 8px;line-height: 1.85;vertical-align: top\">Fonctions<\/td>\n<td style=\"padding: 8px;line-height: 1.85;vertical-align: top\">Impression, copie, scan, fax<\/td>\n<\/tr>\n<tr>\n<td style=\"padding: 8px;line-height: 1.85;vertical-align: top\">Technologie d\u2019impression<\/td>\n<td style=\"padding: 8px;line-height: 1.85;vertical-align: top\">Laser<\/td>\n<\/tr>\n<tr>\n<td style=\"padding: 8px;line-height: 1.85;vertical-align: top\">Consommables fournis avec l\u2019imprimante<\/td>\n<td style=\"padding: 8px;line-height: 1.85;vertical-align: top\">4 toners (noire, cyan, magenta, jaune)<\/td>\n<\/tr>\n<tr>\n<td style=\"padding: 8px;line-height: 1.85;vertical-align: top\">Cartouches d\u2019impression<\/td>\n<td style=\"padding: 8px;line-height: 1.85;vertical-align: top\">4 (noire, cyan, magenta, jaune)<\/td>\n<\/tr>\n<tr>\n<td style=\"padding: 8px;line-height: 1.85;vertical-align: top\">Vitesse d\u2019impression noir<\/td>\n<td style=\"padding: 8px;line-height: 1.85;vertical-align: top\">25 pages par minute (norme ISO)<\/td>\n<\/tr>\n<tr>\n<td style=\"padding: 8px;line-height: 1.85;vertical-align: top\">Vitesse d\u2019impression couleur<\/td>\n<td style=\"padding: 8px;line-height: 1.85;vertical-align: top\">25 pages par minute (norme ISO)<\/td>\n<\/tr>\n<tr>\n<td style=\"padding: 8px;line-height: 1.85;vertical-align: top\">Qualit\u00e9 d\u2019impression noire<\/td>\n<td style=\"padding: 8px;line-height: 1.85;vertical-align: top\">Jusqu\u2019\u00e0 600 x 600 ppp<\/td>\n<\/tr>\n<tr>\n<td style=\"padding: 8px;line-height: 1.85;vertical-align: top\">Qualit\u00e9 d\u2019impression couleur<\/td>\n<td style=\"padding: 8px;line-height: 1.85;vertical-align: top\">Jusqu\u2019\u00e0 600 x 600 ppp<\/td>\n<\/tr>\n<tr>\n<td style=\"padding: 8px;line-height: 1.85;vertical-align: top\">\u00c9cran<\/td>\n<td style=\"padding: 8px;line-height: 1.85;vertical-align: top\">4.3\u2033 diagonal color TFT-backlit (480 x 272)<\/td>\n<\/tr>\n<tr>\n<td style=\"padding: 8px;line-height: 1.85;vertical-align: top\">Cycle d\u2019utilisation<\/td>\n<td style=\"padding: 8px;line-height: 1.85;vertical-align: top\">Jusqu\u2019\u00e0 40 000 pages<\/td>\n<\/tr>\n<tr>\n<td style=\"padding: 8px;line-height: 1.85;vertical-align: top\">Volume de pages mensuel recommand\u00e9<\/td>\n<td style=\"padding: 8px;line-height: 1.85;vertical-align: top\">150 \u00e0 2 500<\/td>\n<\/tr>\n<tr>\n<td style=\"padding: 8px;line-height: 1.85;vertical-align: top\">Connectivit\u00e9<\/td>\n<td style=\"padding: 8px;line-height: 1.85;vertical-align: top\">1 port r\u00e9seau Gigabit Ethernet 10\/100\/1000 Base-TX;<br \/>1 port USB 2.0 haut d\u00e9bit (appareil);<br \/>1 port USB 2.0 haut d\u00e9bit (h\u00f4te);<br \/>Wi-Fi (double bande);<br \/>2 ports RJ-11 t\u00e9l\u00e9copie\/modem\/ligne t\u00e9l\u00e9phonique;<br \/>Ethernet avec croisement automatique<\/td>\n<\/tr>\n<tr>\n<td style=\"padding: 8px;line-height: 1.85;vertical-align: top\">Impression recto\/verso<\/td>\n<td style=\"padding: 8px;line-height: 1.85;vertical-align: top\">Automatique<\/td>\n<\/tr>\n<tr>\n<td style=\"padding: 8px;line-height: 1.85;vertical-align: top\">Capacit\u00e9 bac papier<\/td>\n<td style=\"padding: 8px;line-height: 1.85;vertical-align: top\">Bac d\u2019alimentation principal 250 feuilles;<br \/>Bac de sortie de 100 feuilles<\/td>\n<\/tr>\n<tr>\n<td style=\"padding: 8px;line-height: 1.85;vertical-align: top\">Formats de supports pris en charge<\/td>\n<td style=\"padding: 8px;line-height: 1.85;vertical-align: top\">A4; A5; A6; B5 (JIS); B6 (JIS); 10 x 15 cm; Oficio 216 x 340 mm;<br \/>16K 195 x 270 mm; 16K 184 x 260 mm; 16K 197 x 273 mm;<br \/>Carte postale (JIS); Carte postale double (JIS);<br \/>Enveloppe B5; Enveloppe C5; Enveloppe DL; A5-R<\/td>\n<\/tr>\n<tr>\n<td style=\"padding: 8px;line-height: 1.85;vertical-align: top\">Types de support pris en charge<\/td>\n<td style=\"padding: 8px;line-height: 1.85;vertical-align: top\">Papier (normal, pour brochure, couleur, glac\u00e9, \u00e0 en-t\u00eate, l\u00e9ger, ordinaire, pr\u00e9-imprim\u00e9, pr\u00e9-perfor\u00e9, recycl\u00e9, rugueux), transparents, \u00e9tiquettes, enveloppes, papier cartonn\u00e9<\/td>\n<\/tr>\n<tr>\n<td style=\"padding: 8px;line-height: 1.85;vertical-align: top\">Dimensions (l x p x h)<\/td>\n<td style=\"padding: 8px;line-height: 1.85;vertical-align: top\">Dimensions minimales (L x P x H): 418 x 419,12 x 341,32 mm;<br \/>Dimensions maximales (L x P x H): 428 x 472 x 455 mm<\/td>\n<\/tr>\n<tr>\n<td style=\"padding: 8px;line-height: 1.85;vertical-align: top\">Poids net<\/td>\n<td style=\"padding: 8px;line-height: 1.85;vertical-align: top\">Environ 17,1 kg<\/td>\n<\/tr>\n<tr>\n<td style=\"padding: 8px;line-height: 1.85;vertical-align: top\">M\u00e9moire install\u00e9e<\/td>\n<td style=\"padding: 8px;line-height: 1.85;vertical-align: top\">512 Mo<\/td>\n<\/tr>\n<tr>\n<td style=\"padding: 8px;line-height: 1.85;vertical-align: top\">Cartouches compatibles<\/td>\n<td style=\"padding: 8px;line-height: 1.85;vertical-align: top\">Cartouche de toner HP LaserJet HP 222A noir authentique (env. 1 300 pages);<br \/>HP 222A Toner LaserJet authentique, cyan (env. 1 200 pages);<br \/>HP 222A Toner LaserJet authentique, jaune (env. 1 200 pages);<br \/>HP 222A Toner LaserJet authentique, magenta (env. 1 200 pages);<br \/>Cartouche de toner HP LaserJet 222X noir authentique grande capacit\u00e9 (env. 3 200 pages);<br \/>Cartouche de toner LaserJet HP 222X cyan authentique grande capacit\u00e9 authentique (env. 2 500 pages);<br \/>Cartouche de toner LaserJet HP 222X jaune authentique grande capacit\u00e9 (env. 2 500 pages);<br \/>Cartouche de toner LaserJet HP 222X magenta authentique grande capacit\u00e9 (env. 2 500 pages)<\/td>\n<\/tr>\n<tr>\n<td style=\"padding: 8px;line-height: 1.85;vertical-align: top\">Contenu de la bo\u00eete<\/td>\n<td style=\"padding: 8px;line-height: 1.85;vertical-align: top\">Imprimante multifonction HP Color LaserJet Pro MFP 3303fdw;<br \/>Cordon d\u2019alimentation; Cartouche de toner;<br \/>Guide de l\u2019utilisateur; D\u00e9pliants; 1 c\u00e2ble USB<\/td>\n<\/tr>\n<tr>\n<td style=\"padding: 8px;line-height: 1.85;vertical-align: top\">C\u00e2ble fourni<\/td>\n<td style=\"padding: 8px;line-height: 1.85;vertical-align: top\">Oui, 1 c\u00e2ble USB<\/td>\n<\/tr>\n<tr>\n<td style=\"padding: 8px;line-height: 1.85;vertical-align: top\">T\u00e9l\u00e9copieur<\/td>\n<td style=\"padding: 8px;line-height: 1.85;vertical-align: top\">Envoi par t\u00e9l\u00e9copie: Oui<\/td>\n<\/tr>\n<tr>\n<td style=\"padding: 8px;line-height: 1.85;vertical-align: top\">Photocopieur<\/td>\n<td style=\"padding: 8px;line-height: 1.85;vertical-align: top\">Couleur; Copie de carte d\u2019identit\u00e9; Nombre de copies; Plus clair\/plus fonc\u00e9; Taille d\u2019origine;<br \/>Format de papier; Type de papier; Copie recto-verso; Source du papier;<br \/>Recto-verso; N-up; Marge de reliure; Brochure<br \/>Copies, maximum: Jusqu\u2019\u00e0 999 copies<\/td>\n<\/tr>\n<tr>\n<td style=\"padding: 8px;line-height: 1.85;vertical-align: top\">Scanner<\/td>\n<td style=\"padding: 8px;line-height: 1.85;vertical-align: top\">Chargeur automatique de documents; Scanner \u00e0 plat; chargeur automatique de documents double passe<br \/>Num\u00e9risation vers e-mail, num\u00e9risation vers un dossier r\u00e9seau, num\u00e9risation vers SharePoint,<br \/>num\u00e9risation vers USB, num\u00e9risation vers un ordinateur<\/td>\n<\/tr>\n<\/tbody>\n<\/table>\n","protected":false},"excerpt":{"rendered":"<ul class=\"AHK-linksolution-ma\" style=\"padding: 0px 0px 0px 12px;margin: 0px 0px 0px 6px;font-family: linksolutionsmedium;font-size: 13px\">\n<li class=\"AHK-short-desc-loop\" style=\"position: relative;padding: 0px 0px 0px 15px;margin-bottom: 4px\">\n<h3 class=\"no-style-h3\">Fonctions Impression, copie, scan, fax.<\/h3>\n<\/li>\n<li class=\"AHK-short-desc-loop\" style=\"position: relative;padding: 0px 0px 0px 15px;margin-bottom: 4px\">\n<h3 class=\"no-style-h3\">Vitesse d\u2019impression 25 ppm (noir\/couleur, ISO).<\/h3>\n<\/li>\n<li class=\"AHK-short-desc-loop\" style=\"position: relative;padding: 0px 0px 0px 15px;margin-bottom: 4px\">\n<h3 class=\"no-style-h3\">Qualit\u00e9 d\u2019impression Jusqu\u2019\u00e0 600 x 600 ppp.<\/h3>\n<\/li>\n<\/ul>\n","protected":false},"featured_media":3345,"comment_status":"open","ping_status":"closed","template":"","meta":{"_gspb_post_css":""},"store":[],"product_brand":[],"product_cat":[270],"product_tag":[],"class_list":{"0":"post-3346","1":"product","2":"type-product","3":"status-publish","4":"has-post-thumbnail","6":"product_cat-imprimantes","8":"first","9":"instock","10":"shipping-taxable","11":"purchasable","12":"product-type-simple"},"_links":{"self":[{"href":"https:\/\/bimba.sn\/index.php?rest_route=\/wp\/v2\/product\/3346","targetHints":{"allow":["GET"]}}],"collection":[{"href":"https:\/\/bimba.sn\/index.php?rest_route=\/wp\/v2\/product"}],"about":[{"href":"https:\/\/bimba.sn\/index.php?rest_route=\/wp\/v2\/types\/product"}],"replies":[{"embeddable":true,"href":"https:\/\/bimba.sn\/index.php?rest_route=%2Fwp%2Fv2%2Fcomments&post=3346"}],"wp:featuredmedia":[{"embeddable":true,"href":"https:\/\/bimba.sn\/index.php?rest_route=\/wp\/v2\/media\/3345"}],"wp:attachment":[{"href":"https:\/\/bimba.sn\/index.php?rest_route=%2Fwp%2Fv2%2Fmedia&parent=3346"}],"wp:term":[{"taxonomy":"store","embeddable":true,"href":"https:\/\/bimba.sn\/index.php?rest_route=%2Fwp%2Fv2%2Fstore&post=3346"},{"taxonomy":"product_brand","embeddable":true,"href":"https:\/\/bimba.sn\/index.php?rest_route=%2Fwp%2Fv2%2Fproduct_brand&post=3346"},{"taxonomy":"product_cat","embeddable":true,"href":"https:\/\/bimba.sn\/index.php?rest_route=%2Fwp%2Fv2%2Fproduct_cat&post=3346"},{"taxonomy":"product_tag","embeddable":true,"href":"https:\/\/bimba.sn\/index.php?rest_route=%2Fwp%2Fv2%2Fproduct_tag&post=3346"}],"curies":[{"name":"wp","href":"https:\/\/api.w.org\/{rel}","templated":true}]}}