{"id":3326,"date":"2025-05-11T17:54:53","date_gmt":"2025-05-11T15:54:53","guid":{"rendered":"https:\/\/bimba.sn\/?product=canon-lbp623cdw-i-sensys-imprimante-laser-couleur-3104c001"},"modified":"2025-05-11T17:55:24","modified_gmt":"2025-05-11T15:55:24","slug":"canon-lbp623cdw-i-sensys-imprimante-laser-couleur-3104c001","status":"publish","type":"product","link":"https:\/\/bimba.sn\/?product=canon-lbp623cdw-i-sensys-imprimante-laser-couleur-3104c001","title":{"rendered":"Canon LBP623Cdw i-SENSYS Imprimante laser couleur \u2013 3104C001"},"content":{"rendered":"<p>Cette imprimante Canon LBP623Cdw laser couleur fiable est parfaite pour les petites et moyennes entreprises.<\/p>\n<p>Compacte et simple \u00e0 utiliser, elle permet aux utilisateurs de g\u00e9rer les documents et d\u2019exploiter les donn\u00e9es en toute s\u00e9curit\u00e9, dispose d\u2019un mode d\u2019impression recto\u00a0verso automatique et affiche une vitesse d\u2019impression maximale de 21\u00a0ppm.<\/p>\n<p>B\u00e9n\u00e9ficiez d\u2019une installation et d\u2019un entretien facilit\u00e9s gr\u00e2ce aux cartouches de toner tout-en-un d\u2019origine Canon qui garantissent des impressions nettes et claires, ainsi qu\u2019\u00e0 la technologie de retrait automatique de l\u2019opercule, qui facilite leur remplacement. L\u2019impression s\u00e9curis\u00e9e par code\u00a0PIN renforce la protection de vos documents.<\/p>\n<p>En outre, l\u2019application professionnelle Canon PRINT acc\u00e9l\u00e8re et facilite l\u2019impression de documents depuis le cloud ou un appareil mobile (iOS ou Android).<\/p>\n<ul class=\"floated-list clearfix\">\n<li class=\"floated-list--item\" style=\"padding: 0px;border: 0px;vertical-align: baseline;font-style: inherit;font-variant: inherit;font-weight: inherit;line-height: inherit;font-family: inherit;margin: 0px 0px var(--li-mb) 0px\" data-mce-style=\"padding: 0px; border: 0px; vertical-align: baseline; font-style: inherit; font-variant: inherit; font-weight: inherit; line-height: inherit; font-family: inherit; margin: 0px 0px var(--li-mb) 0px;\">Imprimez des documents rapidement et efficacement avec cette imprimante laser couleur monofonction<\/li>\n<li class=\"floated-list--item\" style=\"padding: 0px;border: 0px;vertical-align: baseline;font-style: inherit;font-variant: inherit;font-weight: inherit;line-height: inherit;font-family: inherit;margin: 0px 0px var(--li-mb) 0px\" data-mce-style=\"padding: 0px; border: 0px; vertical-align: baseline; font-style: inherit; font-variant: inherit; font-weight: inherit; line-height: inherit; font-family: inherit; margin: 0px 0px var(--li-mb) 0px;\">Design compact id\u00e9al pour les petites entreprises<\/li>\n<li class=\"floated-list--item\" style=\"padding: 0px;border: 0px;vertical-align: baseline;font-style: inherit;font-variant: inherit;font-weight: inherit;line-height: inherit;font-family: inherit;margin: 0px 0px var(--li-mb) 0px\" data-mce-style=\"padding: 0px; border: 0px; vertical-align: baseline; font-style: inherit; font-variant: inherit; font-weight: inherit; line-height: inherit; font-family: inherit; margin: 0px 0px var(--li-mb) 0px;\">Impression recto\u00a0verso automatique pour \u00e9viter le gaspillage de papier<\/li>\n<li class=\"floated-list--item\" style=\"padding: 0px;border: 0px;vertical-align: baseline;font-style: inherit;font-variant: inherit;font-weight: inherit;line-height: inherit;font-family: inherit;margin: 0px 0px var(--li-mb) 0px\" data-mce-style=\"padding: 0px; border: 0px; vertical-align: baseline; font-style: inherit; font-variant: inherit; font-weight: inherit; line-height: inherit; font-family: inherit; margin: 0px 0px var(--li-mb) 0px;\">Imprimez sans fil sans avoir \u00e0 installer de pilotes suppl\u00e9mentaires gr\u00e2ce \u00e0 l\u2019application professionnelle Canon PRINT<\/li>\n<li class=\"floated-list--item\" style=\"padding: 0px;border: 0px;vertical-align: baseline;font-style: inherit;font-variant: inherit;font-weight: inherit;line-height: inherit;font-family: inherit;margin: 0px 0px var(--li-mb) 0px\" data-mce-style=\"padding: 0px; border: 0px; vertical-align: baseline; font-style: inherit; font-variant: inherit; font-weight: inherit; line-height: inherit; font-family: inherit; margin: 0px 0px var(--li-mb) 0px;\">Impression facile depuis un appareil mobile gr\u00e2ce \u00e0 la compatibilit\u00e9 avec Airprint et Mopria<\/li>\n<li class=\"floated-list--item\" style=\"padding: 0px;border: 0px;vertical-align: baseline;font-style: inherit;font-variant: inherit;font-weight: inherit;line-height: inherit;font-family: inherit;margin: 0px 0px var(--li-mb) 0px\" data-mce-style=\"padding: 0px; border: 0px; vertical-align: baseline; font-style: inherit; font-variant: inherit; font-weight: inherit; line-height: inherit; font-family: inherit; margin: 0px 0px var(--li-mb) 0px;\">Prot\u00e9gez vos documents sensibles avec l\u2019impression s\u00e9curis\u00e9e par code\u00a0PIN<\/li>\n<li class=\"floated-list--item\" style=\"padding: 0px;border: 0px;vertical-align: baseline;font-style: inherit;font-variant: inherit;font-weight: inherit;line-height: inherit;font-family: inherit;margin: 0px 0px var(--li-mb) 0px\" data-mce-style=\"padding: 0px; border: 0px; vertical-align: baseline; font-style: inherit; font-variant: inherit; font-weight: inherit; line-height: inherit; font-family: inherit; margin: 0px 0px var(--li-mb) 0px;\">Contr\u00f4le et configuration simples gr\u00e2ce \u00e0 l\u2019\u00e9cran LCD intuitif \u00e0 cinq\u00a0lignes<\/li>\n<li class=\"floated-list--item\" style=\"padding: 0px;border: 0px;vertical-align: baseline;font-style: inherit;font-variant: inherit;font-weight: inherit;line-height: inherit;font-family: inherit;margin: 0px 0px var(--li-mb) 0px\" data-mce-style=\"padding: 0px; border: 0px; vertical-align: baseline; font-style: inherit; font-variant: inherit; font-weight: inherit; line-height: inherit; font-family: inherit; margin: 0px 0px var(--li-mb) 0px;\">Impression rapide et de qualit\u00e9, allant jusqu\u2019\u00e0 21\u00a0ppm au format\u00a0A4<\/li>\n<li class=\"floated-list--item\" style=\"padding: 0px;border: 0px;vertical-align: baseline;font-style: inherit;font-variant: inherit;font-weight: inherit;line-height: inherit;font-family: inherit;margin: 0px 0px var(--li-mb) 0px\" data-mce-style=\"padding: 0px; border: 0px; vertical-align: baseline; font-style: inherit; font-variant: inherit; font-weight: inherit; line-height: inherit; font-family: inherit; margin: 0px 0px var(--li-mb) 0px;\">Installation et entretien faciles avec des cartouches tout-en-un pratiques<\/li>\n<li class=\"floated-list--item\" style=\"margin: 0px;padding: 0px;border: 0px;vertical-align: baseline;font-style: inherit;font-variant: inherit;font-weight: inherit;line-height: inherit;font-family: inherit;text-align: left\" data-mce-style=\"box-sizing: border-box; margin: 0px; padding: 0px; border: 0px; vertical-align: baseline; font-style: inherit; font-variant: inherit; font-weight: inherit; font-stretch: inherit; line-height: inherit; font-family: inherit; font-optical-sizing: inherit; font-size-adjust: inherit; font-kerning: inherit; font-feature-settings: inherit; font-variation-settings: inherit; text-align: left;\">Augmentez votre productivit\u00e9 gr\u00e2ce \u00e0 une capacit\u00e9 de 250 feuilles<\/li>\n<\/ul>\n","protected":false},"excerpt":{"rendered":"<p>Imprimante laser monofonction compacte et ultra-efficace, pour une impression de haute qualit\u00e9 au bureau<\/p>\n<ul class=\"product-highlights--list\">\n<li style=\"padding: 0px;border: 0px;vertical-align: baseline;font-style: inherit;font-variant: inherit;font-weight: inherit;line-height: inherit;font-family: inherit;margin: 0px 0px var(--li-mb) 0px\" data-mce-style=\"padding: 0px; border: 0px; vertical-align: baseline; font-style: inherit; font-variant: inherit; font-weight: inherit; line-height: inherit; font-family: inherit; margin: 0px 0px var(--li-mb) 0px;\">Imprimante laser couleur de bureau pour petites et moyennes entreprises<\/li>\n<li style=\"padding: 0px;border: 0px;vertical-align: baseline;font-style: inherit;font-variant: inherit;font-weight: inherit;line-height: inherit;font-family: inherit;margin: 0px 0px var(--li-mb) 0px\" data-mce-style=\"padding: 0px; border: 0px; vertical-align: baseline; font-style: inherit; font-variant: inherit; font-weight: inherit; line-height: inherit; font-family: inherit; margin: 0px 0px var(--li-mb) 0px;\">Impression au format A4, connexion sans fil<\/li>\n<li style=\"margin: 0px;padding: 0px;border: 0px;vertical-align: baseline;font-style: inherit;font-variant: inherit;font-weight: inherit;line-height: inherit;font-family: inherit\" data-mce-style=\"margin: 0px; padding: 0px; border: 0px; vertical-align: baseline; font-style: inherit; font-variant: inherit; font-weight: inherit; line-height: inherit; font-family: inherit;\">Vitesse d\u2019impression de 21 ppm, connectivit\u00e9 mobile, impression recto verso automatique<\/li>\n<\/ul>\n","protected":false},"featured_media":3325,"comment_status":"open","ping_status":"closed","template":"","meta":{"_gspb_post_css":""},"store":[],"product_brand":[],"product_cat":[270],"product_tag":[],"class_list":{"0":"post-3326","1":"product","2":"type-product","3":"status-publish","4":"has-post-thumbnail","6":"product_cat-imprimantes","8":"first","9":"instock","10":"shipping-taxable","11":"purchasable","12":"product-type-simple"},"_links":{"self":[{"href":"https:\/\/bimba.sn\/index.php?rest_route=\/wp\/v2\/product\/3326","targetHints":{"allow":["GET"]}}],"collection":[{"href":"https:\/\/bimba.sn\/index.php?rest_route=\/wp\/v2\/product"}],"about":[{"href":"https:\/\/bimba.sn\/index.php?rest_route=\/wp\/v2\/types\/product"}],"replies":[{"embeddable":true,"href":"https:\/\/bimba.sn\/index.php?rest_route=%2Fwp%2Fv2%2Fcomments&post=3326"}],"wp:featuredmedia":[{"embeddable":true,"href":"https:\/\/bimba.sn\/index.php?rest_route=\/wp\/v2\/media\/3325"}],"wp:attachment":[{"href":"https:\/\/bimba.sn\/index.php?rest_route=%2Fwp%2Fv2%2Fmedia&parent=3326"}],"wp:term":[{"taxonomy":"store","embeddable":true,"href":"https:\/\/bimba.sn\/index.php?rest_route=%2Fwp%2Fv2%2Fstore&post=3326"},{"taxonomy":"product_brand","embeddable":true,"href":"https:\/\/bimba.sn\/index.php?rest_route=%2Fwp%2Fv2%2Fproduct_brand&post=3326"},{"taxonomy":"product_cat","embeddable":true,"href":"https:\/\/bimba.sn\/index.php?rest_route=%2Fwp%2Fv2%2Fproduct_cat&post=3326"},{"taxonomy":"product_tag","embeddable":true,"href":"https:\/\/bimba.sn\/index.php?rest_route=%2Fwp%2Fv2%2Fproduct_tag&post=3326"}],"curies":[{"name":"wp","href":"https:\/\/api.w.org\/{rel}","templated":true}]}}