{"id":3278,"date":"2025-05-11T11:28:10","date_gmt":"2025-05-11T09:28:10","guid":{"rendered":"https:\/\/bimba.sn\/?product=imprimante-multifonction-hp-laserjet-pro-m428fdn-w1a29a"},"modified":"2025-05-11T11:28:10","modified_gmt":"2025-05-11T09:28:10","slug":"imprimante-multifonction-hp-laserjet-pro-m428fdn-w1a29a","status":"publish","type":"product","link":"https:\/\/bimba.sn\/?product=imprimante-multifonction-hp-laserjet-pro-m428fdn-w1a29a","title":{"rendered":"Imprimante multifonction HP LaserJet Pro M428fdn (W1A29A)"},"content":{"rendered":"<p><br data-mce-bogus=\"1\"><\/p>\n","protected":false},"excerpt":{"rendered":"<ul style=\"margin-top: 0px;margin-bottom: 14.5px;font-family: Yantramanav, sans-serif;font-size: 14px\">\n<li style=\"text-align: left\" data-mce-style=\"box-sizing: border-box; text-align: left;\">Imprimante laser<\/li>\n<li>Vitesse d\u2019impression : 61 ppm<\/li>\n<li>Impression recto-verso : jusqu\u2019\u00e0 50 ppm<\/li>\n<li>Premi\u00e8re impression en moins de 5.1 s en noir et blanc (A4, pr\u00eat)<\/li>\n<li>R\u00e9solution d\u2019impression jusqu\u2019\u00e0 1200 x 1200 dpi<\/li>\n<li>M\u00e9moire 512 Mo<\/li>\n<li>Formats : A4, A5, A6, B5, 10 x 15 cm, cartes postales (JIS simple et double), enveloppes (DL, C5, C6, B5)<\/li>\n<li>Avec 1 port p\u00e9riph\u00e9rique USB 2.0 haut d\u00e9bit<\/li>\n<li>Recto\/verso automatique<\/li>\n<li><strong>Entr\u00e9e standard : Bac universel de 100 feuilles + 1 bac\u00a0d\u2019alimentation de 550 feuilles<\/strong><\/li>\n<li><strong>Sortie standard : Bac de sortie de 250 feuilles<\/strong><\/li>\n<li>\u00c9cran tactile couleur rotatif de 10,9 cm (4.3 pouces)<\/li>\n<li>Interfaces Hi-Speed USB 2.0\u00a0\/ port r\u00e9seau Gigabit\/Fast Ethernet 10\/100\/1000 Base-TX<\/li>\n<li>Fonctionnalit\u00e9 d\u2019impression mobile HP ePrint; Apple AirPrint; Certifi\u00e9 Mopria<\/li>\n<li>Avec 4 cartouches de toner HP LaserJet pr\u00e9install\u00e9es (rendement 5500 pages noires, 3 500 pages cyan, magenta, jaune)<\/li>\n<li>Compatible avec Windows, Mac et Linux<\/li>\n<\/ul>\n","protected":false},"featured_media":3276,"comment_status":"open","ping_status":"closed","template":"","meta":{"_gspb_post_css":""},"store":[],"product_brand":[],"product_cat":[270],"product_tag":[],"class_list":{"0":"post-3278","1":"product","2":"type-product","3":"status-publish","4":"has-post-thumbnail","6":"product_cat-imprimantes","8":"first","9":"instock","10":"shipping-taxable","11":"purchasable","12":"product-type-simple"},"_links":{"self":[{"href":"https:\/\/bimba.sn\/index.php?rest_route=\/wp\/v2\/product\/3278","targetHints":{"allow":["GET"]}}],"collection":[{"href":"https:\/\/bimba.sn\/index.php?rest_route=\/wp\/v2\/product"}],"about":[{"href":"https:\/\/bimba.sn\/index.php?rest_route=\/wp\/v2\/types\/product"}],"replies":[{"embeddable":true,"href":"https:\/\/bimba.sn\/index.php?rest_route=%2Fwp%2Fv2%2Fcomments&post=3278"}],"wp:featuredmedia":[{"embeddable":true,"href":"https:\/\/bimba.sn\/index.php?rest_route=\/wp\/v2\/media\/3276"}],"wp:attachment":[{"href":"https:\/\/bimba.sn\/index.php?rest_route=%2Fwp%2Fv2%2Fmedia&parent=3278"}],"wp:term":[{"taxonomy":"store","embeddable":true,"href":"https:\/\/bimba.sn\/index.php?rest_route=%2Fwp%2Fv2%2Fstore&post=3278"},{"taxonomy":"product_brand","embeddable":true,"href":"https:\/\/bimba.sn\/index.php?rest_route=%2Fwp%2Fv2%2Fproduct_brand&post=3278"},{"taxonomy":"product_cat","embeddable":true,"href":"https:\/\/bimba.sn\/index.php?rest_route=%2Fwp%2Fv2%2Fproduct_cat&post=3278"},{"taxonomy":"product_tag","embeddable":true,"href":"https:\/\/bimba.sn\/index.php?rest_route=%2Fwp%2Fv2%2Fproduct_tag&post=3278"}],"curies":[{"name":"wp","href":"https:\/\/api.w.org\/{rel}","templated":true}]}}