{"id":3232,"date":"2025-05-10T22:04:50","date_gmt":"2025-05-10T20:04:50","guid":{"rendered":"https:\/\/bimba.sn\/?product=tecno-spark-30c-memoire-128go-ram-4go-5000-mah"},"modified":"2025-05-10T22:04:50","modified_gmt":"2025-05-10T20:04:50","slug":"tecno-spark-30c-memoire-128go-ram-4go-5000-mah","status":"publish","type":"product","link":"https:\/\/bimba.sn\/?product=tecno-spark-30c-memoire-128go-ram-4go-5000-mah","title":{"rendered":"TECNO | Spark 30c \u2013 M\u00e9moire 128Go \u2013 Ram 4Go -5000 mAh"},"content":{"rendered":"<p><span style=\"margin: 0px;padding: 0px;border: 0px;vertical-align: baseline;font-style: inherit;font-variant: inherit;font-weight: 600;line-height: inherit;font-family: inherit\">TECNO Spark 30c : La Puissance \u00e0 Port\u00e9e de Main<\/span><\/p>\n<p>Le march\u00e9 des smartphones \u00e9volue rapidement, et TECNO continue de s\u2019imposer comme une marque incontournable gr\u00e2ce \u00e0 ses appareils alliant performance, design et accessibilit\u00e9. Le\u00a0<span style=\"margin: 0px;padding: 0px;border: 0px;vertical-align: baseline;font-style: inherit;font-variant: inherit;font-weight: 600;line-height: inherit;font-family: inherit\">TECNO Spark 30c<\/span>\u00a0en est l\u2019exemple parfait. Ce mod\u00e8le offre une combinaison impressionnante de\u00a0<span style=\"margin: 0px;padding: 0px;border: 0px;vertical-align: baseline;font-style: inherit;font-variant: inherit;font-weight: 600;line-height: inherit;font-family: inherit\">m\u00e9moire de 128GB<\/span>, de\u00a0<span style=\"margin: 0px;padding: 0px;border: 0px;vertical-align: baseline;font-style: inherit;font-variant: inherit;font-weight: 600;line-height: inherit;font-family: inherit\">4GB de RAM<\/span>, et d\u2019une puissante\u00a0<span style=\"margin: 0px;padding: 0px;border: 0px;vertical-align: baseline;font-style: inherit;font-variant: inherit;font-weight: 600;line-height: inherit;font-family: inherit\">batterie de 5000 mAh<\/span>, id\u00e9ale pour les utilisateurs \u00e0 la recherche d\u2019un t\u00e9l\u00e9phone capable de r\u00e9pondre \u00e0 toutes leurs attentes.<\/p>\n<p><span style=\"margin: 0px;padding: 0px;border: 0px;vertical-align: baseline;font-style: inherit;font-variant: inherit;font-weight: 600;line-height: inherit;font-family: inherit\">Un Stockage Illimit\u00e9<\/span><\/p>\n<p>Avec ses\u00a0<span style=\"margin: 0px;padding: 0px;border: 0px;vertical-align: baseline;font-style: inherit;font-variant: inherit;font-weight: 600;line-height: inherit;font-family: inherit\">128GB de m\u00e9moire interne<\/span>, le TECNO Spark 30c vous offre tout l\u2019espace n\u00e9cessaire pour stocker vos photos, vid\u00e9os, applications et autres fichiers sans vous soucier de manquer de place. Fini les notifications aga\u00e7antes de m\u00e9moire pleine \u2013 ce t\u00e9l\u00e9phone est con\u00e7u pour vous suivre dans vos activit\u00e9s quotidiennes, qu\u2019il s\u2019agisse de travail ou de divertissement. De plus, si vous avez besoin de plus de stockage, l\u2019appareil supporte l\u2019ajout d\u2019une carte microSD pour encore plus d\u2019espace.<\/p>\n<p><span style=\"margin: 0px;padding: 0px;border: 0px;vertical-align: baseline;font-style: inherit;font-variant: inherit;font-weight: 600;line-height: inherit;font-family: inherit\">Fluidit\u00e9 et Multit\u00e2che<\/span><\/p>\n<p>Avec ses\u00a0<span style=\"margin: 0px;padding: 0px;border: 0px;vertical-align: baseline;font-style: inherit;font-variant: inherit;font-weight: 600;line-height: inherit;font-family: inherit\">4GB de RAM<\/span>, le TECNO Spark 30c garantit une exp\u00e9rience utilisateur fluide et rapide. Ouvrir plusieurs applications \u00e0 la fois, jouer \u00e0 des jeux ou encore passer d\u2019une t\u00e2che \u00e0 une autre ne pose aucun probl\u00e8me pour ce smartphone. Que vous soyez un adepte des r\u00e9seaux sociaux, du streaming vid\u00e9o, ou que vous utilisiez de nombreuses applications professionnelles, vous n\u2019aurez jamais \u00e0 faire face \u00e0 des ralentissements ou des interruptions.<\/p>\n<p><span style=\"margin: 0px;padding: 0px;border: 0px;vertical-align: baseline;font-style: inherit;font-variant: inherit;font-weight: 600;line-height: inherit;font-family: inherit\">Une Batterie In\u00e9puisable<\/span><\/p>\n<p>Un des points forts du\u00a0<span style=\"margin: 0px;padding: 0px;border: 0px;vertical-align: baseline;font-style: inherit;font-variant: inherit;font-weight: 600;line-height: inherit;font-family: inherit\">TECNO Spark 30c<\/span>\u00a0est sans conteste sa batterie longue dur\u00e9e de\u00a0<span style=\"margin: 0px;padding: 0px;border: 0px;vertical-align: baseline;font-style: inherit;font-variant: inherit;font-weight: 600;line-height: inherit;font-family: inherit\">5000 mAh<\/span>. Gr\u00e2ce \u00e0 cette capacit\u00e9 impressionnante, vous pouvez passer la journ\u00e9e (et m\u00eame plus !) sans avoir besoin de rechercher constamment une prise de courant. Que vous soyez en d\u00e9placement, en voyage ou simplement en pleine journ\u00e9e de travail, cette batterie garantit que votre smartphone restera charg\u00e9 pour vous accompagner dans toutes vos activit\u00e9s.<\/p>\n<p><span style=\"margin: 0px;padding: 0px;border: 0px;vertical-align: baseline;font-style: inherit;font-variant: inherit;font-weight: 600;line-height: inherit;font-family: inherit\">Performance Optimale pour Tous<\/span><\/p>\n<p>Le TECNO Spark 30c est bien plus qu\u2019un smartphone de base. Il combine des fonctionnalit\u00e9s pratiques \u00e0 une puissance qui saura satisfaire tant les utilisateurs occasionnels que ceux \u00e0 la recherche d\u2019un appareil plus performant. Son \u00e9cran lumineux, sa cam\u00e9ra de qualit\u00e9 et ses fonctionnalit\u00e9s intuitives en font un choix parfait pour les jeunes professionnels, les \u00e9tudiants et tous ceux qui veulent un appareil fiable \u00e0 un prix abordable.<\/p>\n<p>En r\u00e9sum\u00e9, le\u00a0<span style=\"margin: 0px;padding: 0px;border: 0px;vertical-align: baseline;font-style: inherit;font-variant: inherit;font-weight: 600;line-height: inherit;font-family: inherit\">TECNO Spark 30c<\/span>\u00a0offre une exp\u00e9rience utilisateur riche et compl\u00e8te gr\u00e2ce \u00e0 son\u00a0<span style=\"margin: 0px;padding: 0px;border: 0px;vertical-align: baseline;font-style: inherit;font-variant: inherit;font-weight: 600;line-height: inherit;font-family: inherit\">stockage g\u00e9n\u00e9reux de 128GB<\/span>, sa\u00a0<span style=\"margin: 0px;padding: 0px;border: 0px;vertical-align: baseline;font-style: inherit;font-variant: inherit;font-weight: 600;line-height: inherit;font-family: inherit\">RAM de 4GB<\/span>\u00a0qui assure une fluidit\u00e9 sans faille, et sa\u00a0<span style=\"margin: 0px;padding: 0px;border: 0px;vertical-align: baseline;font-style: inherit;font-variant: inherit;font-weight: 600;line-height: inherit;font-family: inherit\">batterie de 5000 mAh<\/span>\u00a0qui vous permet de rester connect\u00e9 plus longtemps. C\u2019est un smartphone con\u00e7u pour vous offrir tout ce dont vous avez besoin, que ce soit pour le travail, les \u00e9tudes ou le divertissement.<\/p>\n<p>Si vous cherchez un smartphone qui combine performance, design et autonomie \u00e0 un prix comp\u00e9titif, le TECNO Spark 30c est fait pour vous.<\/p>\n<p>N\u2019h\u00e9sitez pas \u00e0 adapter cette description selon le public vis\u00e9 !<\/p>\n","protected":false},"excerpt":{"rendered":"<p><span style=\"font-family: Roboto, sans-serif;font-size: 13px\">D\u00e9couvrez le Tecno Spark 30C avec 128 Go de stockage, 4 Go de RAM, un \u00e9cran IPS LCD de 6,6 pouces, une cam\u00e9ra arri\u00e8re de 50 MP et une batterie longue dur\u00e9e de 5000 mAh. Profitez de performances fluides et de la charge rapide 25W. Disponible d\u00e8s maintenant pour un smartphone puissant et abordable.<\/span><\/p>\n","protected":false},"featured_media":3228,"comment_status":"open","ping_status":"closed","template":"","meta":{"_gspb_post_css":""},"store":[],"product_brand":[],"product_cat":[208],"product_tag":[],"class_list":{"0":"post-3232","1":"product","2":"type-product","3":"status-publish","4":"has-post-thumbnail","6":"product_cat-smartphones","8":"first","9":"instock","10":"sale","11":"shipping-taxable","12":"purchasable","13":"product-type-simple"},"_links":{"self":[{"href":"https:\/\/bimba.sn\/index.php?rest_route=\/wp\/v2\/product\/3232","targetHints":{"allow":["GET"]}}],"collection":[{"href":"https:\/\/bimba.sn\/index.php?rest_route=\/wp\/v2\/product"}],"about":[{"href":"https:\/\/bimba.sn\/index.php?rest_route=\/wp\/v2\/types\/product"}],"replies":[{"embeddable":true,"href":"https:\/\/bimba.sn\/index.php?rest_route=%2Fwp%2Fv2%2Fcomments&post=3232"}],"wp:featuredmedia":[{"embeddable":true,"href":"https:\/\/bimba.sn\/index.php?rest_route=\/wp\/v2\/media\/3228"}],"wp:attachment":[{"href":"https:\/\/bimba.sn\/index.php?rest_route=%2Fwp%2Fv2%2Fmedia&parent=3232"}],"wp:term":[{"taxonomy":"store","embeddable":true,"href":"https:\/\/bimba.sn\/index.php?rest_route=%2Fwp%2Fv2%2Fstore&post=3232"},{"taxonomy":"product_brand","embeddable":true,"href":"https:\/\/bimba.sn\/index.php?rest_route=%2Fwp%2Fv2%2Fproduct_brand&post=3232"},{"taxonomy":"product_cat","embeddable":true,"href":"https:\/\/bimba.sn\/index.php?rest_route=%2Fwp%2Fv2%2Fproduct_cat&post=3232"},{"taxonomy":"product_tag","embeddable":true,"href":"https:\/\/bimba.sn\/index.php?rest_route=%2Fwp%2Fv2%2Fproduct_tag&post=3232"}],"curies":[{"name":"wp","href":"https:\/\/api.w.org\/{rel}","templated":true}]}}