{"id":3201,"date":"2025-05-10T20:59:09","date_gmt":"2025-05-10T18:59:09","guid":{"rendered":"https:\/\/bimba.sn\/?product=tecno-t101-dual-sim"},"modified":"2025-05-10T20:59:09","modified_gmt":"2025-05-10T18:59:09","slug":"tecno-t101-dual-sim","status":"publish","type":"product","link":"https:\/\/bimba.sn\/?product=tecno-t101-dual-sim","title":{"rendered":"Tecno T101 Dual SIM"},"content":{"rendered":"<ul style=\"margin-bottom: 1rem;margin-top: 0px;padding-left: 15px;font-family: Roboto, sans-serif;font-size: 13px\">\n<li>Vous envisagez de vous procurer un t\u00e9l\u00e9phone multifonction Tecno? Obtenez l&rsquo;incroyable t\u00e9l\u00e9phone fonctionnel Tecno T101.<\/li>\n<li style=\"padding-top: 5px\">Ce superbe t\u00e9l\u00e9phone est livr\u00e9 avec une batterie longue dur\u00e9e, une radio FM, une cam\u00e9ra arri\u00e8re et un lecteur MP3.<\/li>\n<li style=\"padding-top: 5px\">Garantie 24 mois.<\/li>\n<\/ul>\n","protected":false},"excerpt":{"rendered":"<ul style=\"margin-bottom: 0px;margin-top: 0px;padding-left: 0px;font-family: Roboto, sans-serif;font-size: 13px\">\n<li>Ce superbe t\u00e9l\u00e9phone est livr\u00e9 avec une batterie longue dur\u00e9e, une radio FM, une cam\u00e9ra arri\u00e8re et un lecteur MP3.<\/li>\n<\/ul>\n","protected":false},"featured_media":3200,"comment_status":"open","ping_status":"closed","template":"","meta":{"_gspb_post_css":""},"store":[],"product_brand":[],"product_cat":[209],"product_tag":[],"class_list":{"0":"post-3201","1":"product","2":"type-product","3":"status-publish","4":"has-post-thumbnail","6":"product_cat-telephonebasic","8":"first","9":"instock","10":"sale","11":"shipping-taxable","12":"purchasable","13":"product-type-simple"},"_links":{"self":[{"href":"https:\/\/bimba.sn\/index.php?rest_route=\/wp\/v2\/product\/3201","targetHints":{"allow":["GET"]}}],"collection":[{"href":"https:\/\/bimba.sn\/index.php?rest_route=\/wp\/v2\/product"}],"about":[{"href":"https:\/\/bimba.sn\/index.php?rest_route=\/wp\/v2\/types\/product"}],"replies":[{"embeddable":true,"href":"https:\/\/bimba.sn\/index.php?rest_route=%2Fwp%2Fv2%2Fcomments&post=3201"}],"wp:featuredmedia":[{"embeddable":true,"href":"https:\/\/bimba.sn\/index.php?rest_route=\/wp\/v2\/media\/3200"}],"wp:attachment":[{"href":"https:\/\/bimba.sn\/index.php?rest_route=%2Fwp%2Fv2%2Fmedia&parent=3201"}],"wp:term":[{"taxonomy":"store","embeddable":true,"href":"https:\/\/bimba.sn\/index.php?rest_route=%2Fwp%2Fv2%2Fstore&post=3201"},{"taxonomy":"product_brand","embeddable":true,"href":"https:\/\/bimba.sn\/index.php?rest_route=%2Fwp%2Fv2%2Fproduct_brand&post=3201"},{"taxonomy":"product_cat","embeddable":true,"href":"https:\/\/bimba.sn\/index.php?rest_route=%2Fwp%2Fv2%2Fproduct_cat&post=3201"},{"taxonomy":"product_tag","embeddable":true,"href":"https:\/\/bimba.sn\/index.php?rest_route=%2Fwp%2Fv2%2Fproduct_tag&post=3201"}],"curies":[{"name":"wp","href":"https:\/\/api.w.org\/{rel}","templated":true}]}}