{"id":3037,"date":"2025-05-07T22:53:51","date_gmt":"2025-05-07T20:53:51","guid":{"rendered":"https:\/\/bimba.sn\/?product=refrigerateur-astech-fc398ver-og-combine-3t-black"},"modified":"2025-05-07T22:53:51","modified_gmt":"2025-05-07T20:53:51","slug":"refrigerateur-astech-fc398ver-og-combine-3t-black","status":"publish","type":"product","link":"https:\/\/bimba.sn\/?product=refrigerateur-astech-fc398ver-og-combine-3t-black","title":{"rendered":"REFRIGERATEUR ASTECH FC398VER-OG COMBINE 3T BLACK"},"content":{"rendered":"<p><br data-mce-bogus=\"1\"><\/p>\n","protected":false},"excerpt":{"rendered":"<p>Le r\u00e9frig\u00e9rateur combin\u00e9 FC-398VER-OG d\u2019Astech offre une capacit\u00e9 g\u00e9n\u00e9reuse, une technologie de refroidissement avanc\u00e9e et un design \u00e9l\u00e9gant pour r\u00e9pondre \u00e0 tous vos besoins de stockage alimentaire.<\/p>\n<div class=\"single-product-wrapper row\">\n<div class=\"summary entry-summary\" style=\"float: none;width: 1140px;clear: none;margin-bottom: 0px\">\n<p style=\"margin-top: 0px;margin-bottom: 1rem\">Marque: ASTECH<br \/>Mod\u00e8le: FC-398VER-OG<br \/>Type de produit: r\u00e9frig\u00e9rateur combin\u00e9<br \/>3tiroirs, lumi\u00e8re d\u2019int\u00e9rieur Classe \u00e9nerg\u00e9tique: A+<br \/>Total capacit\u00e9: 356 litres<br \/>Couleur: gris<br \/>Hauteur 1m99<br \/>Largeur 60cm<br \/>Profondeur 63cm<\/p>\n<p style=\"margin-top: 0px;margin-bottom: 1rem\">\u00a0<\/p>\n<\/div>\n<\/div>\n","protected":false},"featured_media":3036,"comment_status":"open","ping_status":"closed","template":"","meta":{"_gspb_post_css":""},"store":[],"product_brand":[],"product_cat":[198],"product_tag":[],"class_list":{"0":"post-3037","1":"product","2":"type-product","3":"status-publish","4":"has-post-thumbnail","6":"product_cat-electromenager","8":"first","9":"instock","10":"sale","11":"shipping-taxable","12":"purchasable","13":"product-type-simple"},"_links":{"self":[{"href":"https:\/\/bimba.sn\/index.php?rest_route=\/wp\/v2\/product\/3037","targetHints":{"allow":["GET"]}}],"collection":[{"href":"https:\/\/bimba.sn\/index.php?rest_route=\/wp\/v2\/product"}],"about":[{"href":"https:\/\/bimba.sn\/index.php?rest_route=\/wp\/v2\/types\/product"}],"replies":[{"embeddable":true,"href":"https:\/\/bimba.sn\/index.php?rest_route=%2Fwp%2Fv2%2Fcomments&post=3037"}],"wp:featuredmedia":[{"embeddable":true,"href":"https:\/\/bimba.sn\/index.php?rest_route=\/wp\/v2\/media\/3036"}],"wp:attachment":[{"href":"https:\/\/bimba.sn\/index.php?rest_route=%2Fwp%2Fv2%2Fmedia&parent=3037"}],"wp:term":[{"taxonomy":"store","embeddable":true,"href":"https:\/\/bimba.sn\/index.php?rest_route=%2Fwp%2Fv2%2Fstore&post=3037"},{"taxonomy":"product_brand","embeddable":true,"href":"https:\/\/bimba.sn\/index.php?rest_route=%2Fwp%2Fv2%2Fproduct_brand&post=3037"},{"taxonomy":"product_cat","embeddable":true,"href":"https:\/\/bimba.sn\/index.php?rest_route=%2Fwp%2Fv2%2Fproduct_cat&post=3037"},{"taxonomy":"product_tag","embeddable":true,"href":"https:\/\/bimba.sn\/index.php?rest_route=%2Fwp%2Fv2%2Fproduct_tag&post=3037"}],"curies":[{"name":"wp","href":"https:\/\/api.w.org\/{rel}","templated":true}]}}