{"id":3035,"date":"2025-05-07T22:48:19","date_gmt":"2025-05-07T20:48:19","guid":{"rendered":"https:\/\/bimba.sn\/?product=refrigerateur-astech-fc397ino-og-combine-3t-gris-inox"},"modified":"2025-05-07T22:48:19","modified_gmt":"2025-05-07T20:48:19","slug":"refrigerateur-astech-fc397ino-og-combine-3t-gris-inox","status":"publish","type":"product","link":"https:\/\/bimba.sn\/?product=refrigerateur-astech-fc397ino-og-combine-3t-gris-inox","title":{"rendered":"REFRIGERATEUR ASTECH FC397INO-OG COMBINE 3T GRIS INOX"},"content":{"rendered":"<p><br data-mce-bogus=\"1\"><\/p>\n","protected":false},"excerpt":{"rendered":"<div class=\"item-panel\" id=\"tabs-list-description\" style=\"padding: 24px 30px;background-image:;background-size:;background-repeat:;background-attachment:\">\n<div class=\"single-product-wrapper row\" style=\"flex-wrap: wrap;margin-right: -15px;margin-left: -15px\">\n<div class=\"summary entry-summary\" style=\"float: none;width: 1140px;clear: none;margin-bottom: 0px\">\n<div class=\"woocommerce-product-details__short-description\" style=\"padding-top: 15px\">\n<p style=\"margin-top: 0px;margin-bottom: 0px\">Le r\u00e9frig\u00e9rateur combin\u00e9 FC-397INO-OG d\u2019Astech offre une capacit\u00e9 g\u00e9n\u00e9reuse, une technologie de refroidissement avanc\u00e9e et un design moderne pour r\u00e9pondre \u00e0 tous vos besoins de stockage alimentaire<\/p>\n<p style=\"margin-top: 0px;margin-bottom: 0px\">Marque: ASTECH<br \/>Cat\u00e9gorie: R\u00e9frig\u00e9rateur<br \/>Marque: ASTECH<br \/>R\u00e9f\u00e9rence: FC397INO-OG<br \/>Type de produit: R\u00e9frig\u00e9rateur Combin\u00e9<br \/>Couleur: Silver<br \/>Nombre de Tiroirs: 3 Classe: A+ Volume r\u00e9frig\u00e9rateur : 260 L<br \/>Volume du Cong\u00e9lateur: 96 L<br \/>Volume Total: 356 Litres<br \/>Dimensions:<br \/>hauteur 1m99cm \/ largeur 59cm Profondeur: 61 cm<\/p>\n<\/div>\n<\/div>\n<\/div>\n<\/div>\n<div class=\"item-panel\" id=\"tabs-list-reviews\" style=\"padding: 37px 30px 24px;background-image:;background-size:;background-repeat:;background-attachment:\">\n<div id=\"reviews\" class=\"woocommerce-Reviews\">\n<div id=\"comments\" style=\"padding: 0px;margin: 0px;background-image:;background-size:;background-repeat:;background-attachment:;position: relative\"><\/div>\n<\/div>\n<p><br class=\"Apple-interchange-newline\"><\/div>\n","protected":false},"featured_media":3034,"comment_status":"open","ping_status":"closed","template":"","meta":{"_gspb_post_css":""},"store":[],"product_brand":[],"product_cat":[198],"product_tag":[],"class_list":{"0":"post-3035","1":"product","2":"type-product","3":"status-publish","4":"has-post-thumbnail","6":"product_cat-electromenager","8":"first","9":"instock","10":"sale","11":"shipping-taxable","12":"purchasable","13":"product-type-simple"},"_links":{"self":[{"href":"https:\/\/bimba.sn\/index.php?rest_route=\/wp\/v2\/product\/3035","targetHints":{"allow":["GET"]}}],"collection":[{"href":"https:\/\/bimba.sn\/index.php?rest_route=\/wp\/v2\/product"}],"about":[{"href":"https:\/\/bimba.sn\/index.php?rest_route=\/wp\/v2\/types\/product"}],"replies":[{"embeddable":true,"href":"https:\/\/bimba.sn\/index.php?rest_route=%2Fwp%2Fv2%2Fcomments&post=3035"}],"wp:featuredmedia":[{"embeddable":true,"href":"https:\/\/bimba.sn\/index.php?rest_route=\/wp\/v2\/media\/3034"}],"wp:attachment":[{"href":"https:\/\/bimba.sn\/index.php?rest_route=%2Fwp%2Fv2%2Fmedia&parent=3035"}],"wp:term":[{"taxonomy":"store","embeddable":true,"href":"https:\/\/bimba.sn\/index.php?rest_route=%2Fwp%2Fv2%2Fstore&post=3035"},{"taxonomy":"product_brand","embeddable":true,"href":"https:\/\/bimba.sn\/index.php?rest_route=%2Fwp%2Fv2%2Fproduct_brand&post=3035"},{"taxonomy":"product_cat","embeddable":true,"href":"https:\/\/bimba.sn\/index.php?rest_route=%2Fwp%2Fv2%2Fproduct_cat&post=3035"},{"taxonomy":"product_tag","embeddable":true,"href":"https:\/\/bimba.sn\/index.php?rest_route=%2Fwp%2Fv2%2Fproduct_tag&post=3035"}],"curies":[{"name":"wp","href":"https:\/\/api.w.org\/{rel}","templated":true}]}}