{"id":3003,"date":"2025-05-07T21:51:26","date_gmt":"2025-05-07T19:51:26","guid":{"rendered":"https:\/\/bimba.sn\/?product=imprimante-hp-laserjet-pro-479fdn-multifonction-couleur"},"modified":"2025-05-07T22:02:27","modified_gmt":"2025-05-07T20:02:27","slug":"imprimante-hp-laserjet-pro-479fdn-multifonction-couleur","status":"publish","type":"product","link":"https:\/\/bimba.sn\/?product=imprimante-hp-laserjet-pro-479fdn-multifonction-couleur","title":{"rendered":"Imprimante HP LaserJet Pro 479FDN Multifonction couleur"},"content":{"rendered":"<table class=\"c-product-all-details-table__table mce-item-table\" role=\"table\" style=\"border-collapse: collapse;border-spacing: 0px;width: 808px;max-width: 100%;margin-bottom: 29px;font-family: Yantramanav, sans-serif;font-size: 14px\" data-mce-style=\"border-collapse: collapse; border-spacing: 0px; width: 808px; max-width: 100%; margin-bottom: 29px; font-family: Yantramanav, sans-serif; font-size: 14px;\">\n<caption class=\"c-product-all-details-table__caption\">HP Color LaserJet Pro MFP M479fdn (W1A79A) Toutes les sp\u00e9cifications techniques<\/caption>\n<tbody>\n<tr class=\"c-product-all-details-table__tr\" role=\"row\">\n<th class=\"c-product-all-details-table__th h5\" role=\"rowheader\" style=\"padding: 8px;text-align: left;line-height: 1.4;vertical-align: top;font-family: Rubik-Medium;font-weight: 400;margin-top: 14.5px;margin-bottom: 14.5px;font-size: 16px\" data-mce-style=\"padding: 8px; text-align: left; line-height: 1.4; vertical-align: top; font-family: Rubik-Medium; font-weight: 400; margin-top: 14.5px; margin-bottom: 14.5px; font-size: 16px;\">Les fonctions<\/th>\n<td class=\"c-product-all-details-table__td h5 m-text-rte\" role=\"cell\" style=\"padding: 8px;line-height: 1.4;vertical-align: top;font-family: Rubik-Medium;margin-top: 14.5px;margin-bottom: 14.5px;font-size: 16px\" data-mce-style=\"padding: 8px; line-height: 1.4; vertical-align: top; font-family: Rubik-Medium; margin-top: 14.5px; margin-bottom: 14.5px; font-size: 16px;\">Impression, copie, num\u00e9risation, fax, e-mail<\/td>\n<\/tr>\n<tr class=\"c-product-all-details-table__tr\" role=\"row\">\n<th class=\"c-product-all-details-table__th h5\" role=\"rowheader\" style=\"padding: 8px;text-align: left;line-height: 1.4;vertical-align: top;font-family: Rubik-Medium;font-weight: 400;margin-top: 14.5px;margin-bottom: 14.5px;font-size: 16px\" data-mce-style=\"padding: 8px; text-align: left; line-height: 1.4; vertical-align: top; font-family: Rubik-Medium; font-weight: 400; margin-top: 14.5px; margin-bottom: 14.5px; font-size: 16px;\">Vitesse d\u2019impression noir (ISO, A4)<\/th>\n<td class=\"c-product-all-details-table__td h5 m-text-rte\" role=\"cell\" style=\"padding: 8px;line-height: 1.4;vertical-align: top;font-family: Rubik-Medium;margin-top: 14.5px;margin-bottom: 14.5px;font-size: 16px\" data-mce-style=\"padding: 8px; line-height: 1.4; vertical-align: top; font-family: Rubik-Medium; margin-top: 14.5px; margin-bottom: 14.5px; font-size: 16px;\">Jusqu\u2019\u00e0 27\u00a0<span class=\"m-text-nowrap\">ppm<span class=\"c-footnote-container\">\u00a0<\/span><\/span><\/td>\n<\/tr>\n<tr class=\"c-product-all-details-table__tr\" role=\"row\">\n<th class=\"c-product-all-details-table__th h5\" role=\"rowheader\" style=\"padding: 8px;text-align: left;line-height: 1.4;vertical-align: top;font-family: Rubik-Medium;font-weight: 400;margin-top: 14.5px;margin-bottom: 14.5px;font-size: 16px\" data-mce-style=\"padding: 8px; text-align: left; line-height: 1.4; vertical-align: top; font-family: Rubik-Medium; font-weight: 400; margin-top: 14.5px; margin-bottom: 14.5px; font-size: 16px;\">Vitesse d\u2019impression Couleur (ISO)<\/th>\n<td class=\"c-product-all-details-table__td h5 m-text-rte\" role=\"cell\" style=\"padding: 8px;line-height: 1.4;vertical-align: top;font-family: Rubik-Medium;margin-top: 14.5px;margin-bottom: 14.5px;font-size: 16px\" data-mce-style=\"padding: 8px; line-height: 1.4; vertical-align: top; font-family: Rubik-Medium; margin-top: 14.5px; margin-bottom: 14.5px; font-size: 16px;\">Jusqu\u2019\u00e0 27\u00a0<span class=\"m-text-nowrap\">ppm<span class=\"c-footnote-container\">\u00a0<\/span><\/span><\/td>\n<\/tr>\n<tr class=\"c-product-all-details-table__tr\" role=\"row\">\n<th class=\"c-product-all-details-table__th h5\" role=\"rowheader\" style=\"padding: 8px;text-align: left;line-height: 1.4;vertical-align: top;font-family: Rubik-Medium;font-weight: 400;margin-top: 14.5px;margin-bottom: 14.5px;font-size: 16px\" data-mce-style=\"padding: 8px; text-align: left; line-height: 1.4; vertical-align: top; font-family: Rubik-Medium; font-weight: 400; margin-top: 14.5px; margin-bottom: 14.5px; font-size: 16px;\">Premi\u00e8re page en noir (A4, pr\u00eat)<\/th>\n<td class=\"c-product-all-details-table__td h5 m-text-rte\" role=\"cell\" style=\"padding: 8px;line-height: 1.4;vertical-align: top;font-family: Rubik-Medium;margin-top: 14.5px;margin-bottom: 14.5px;font-size: 16px\" data-mce-style=\"padding: 8px; line-height: 1.4; vertical-align: top; font-family: Rubik-Medium; margin-top: 14.5px; margin-bottom: 14.5px; font-size: 16px;\">Aussi rapide que 9,5\u00a0<span class=\"m-text-nowrap\">secondes<span class=\"c-footnote-container\">\u00a0<\/span><\/span><\/td>\n<\/tr>\n<tr class=\"c-product-all-details-table__tr\" role=\"row\">\n<th class=\"c-product-all-details-table__th h5\" role=\"rowheader\" style=\"padding: 8px;text-align: left;line-height: 1.4;vertical-align: top;font-family: Rubik-Medium;font-weight: 400;margin-top: 14.5px;margin-bottom: 14.5px;font-size: 16px\" data-mce-style=\"padding: 8px; text-align: left; line-height: 1.4; vertical-align: top; font-family: Rubik-Medium; font-weight: 400; margin-top: 14.5px; margin-bottom: 14.5px; font-size: 16px;\">Premi\u00e8re page imprim\u00e9e en couleur (A4, pr\u00eat)<\/th>\n<td class=\"c-product-all-details-table__td h5 m-text-rte\" role=\"cell\" style=\"padding: 8px;line-height: 1.4;vertical-align: top;font-family: Rubik-Medium;margin-top: 14.5px;margin-bottom: 14.5px;font-size: 16px\" data-mce-style=\"padding: 8px; line-height: 1.4; vertical-align: top; font-family: Rubik-Medium; margin-top: 14.5px; margin-bottom: 14.5px; font-size: 16px;\">Aussi rapide que 11,0\u00a0<span class=\"m-text-nowrap\">s<span class=\"c-footnote-container\">\u00a0<\/span><\/span><\/td>\n<\/tr>\n<tr class=\"c-product-all-details-table__tr\" role=\"row\">\n<th class=\"c-product-all-details-table__th h5\" role=\"rowheader\" style=\"padding: 8px;text-align: left;line-height: 1.4;vertical-align: top;font-family: Rubik-Medium;font-weight: 400;margin-top: 14.5px;margin-bottom: 14.5px;font-size: 16px\" data-mce-style=\"padding: 8px; text-align: left; line-height: 1.4; vertical-align: top; font-family: Rubik-Medium; font-weight: 400; margin-top: 14.5px; margin-bottom: 14.5px; font-size: 16px;\">Impression recto verso<\/th>\n<td class=\"c-product-all-details-table__td h5 m-text-rte\" role=\"cell\" style=\"padding: 8px;line-height: 1.4;vertical-align: top;font-family: Rubik-Medium;margin-top: 14.5px;margin-bottom: 14.5px;font-size: 16px\" data-mce-style=\"padding: 8px; line-height: 1.4; vertical-align: top; font-family: Rubik-Medium; margin-top: 14.5px; margin-bottom: 14.5px; font-size: 16px;\">Automatique (par d\u00e9faut)<\/td>\n<\/tr>\n<\/tbody>\n<\/table>\n<ul style=\"margin-top: 0px;margin-bottom: 14.5px;font-family: Yantramanav, sans-serif;font-size: 14px\" data-mce-style=\"margin-top: 0px; margin-bottom: 14.5px; font-family: Yantramanav, sans-serif; font-size: 14px;\">\n<li><strong>Imprimante laser\u00a0couleur professionnelle 4-en-1<\/strong><\/li>\n<li>Recto-verso automatique A4<\/li>\n<li>Fonctions de s\u00e9curit\u00e9 int\u00e9gr\u00e9es<\/li>\n<li>Num\u00e9risation vers SharePoint, e-mail, USB et vers dossiers r\u00e9seau<\/li>\n<li><strong>Multifonctions\u00a0: impression, num\u00e9risation, copie, t\u00e9l\u00e9copie<\/strong><\/li>\n<li>Impression de qualit\u00e9 professionnelle rapide avec vitesse d\u2019impression de\u00a0<strong>27\u00a0ppm<\/strong><\/li>\n<li><strong>Num\u00e9risation recto-verso<\/strong><\/li>\n<li><strong>\u00c9cran couleur tactile de 10.9 cm<\/strong><\/li>\n<li>Volume de page mensuel recommand\u00e9\u00a0: jusqu\u2019\u00e0 4 000 pages<\/li>\n<li>Connexions : USB 2.0, USB host, Gigabit Ethernet<\/li>\n<li>4 toners \u00e9chantillons LaserJet pr\u00e9install\u00e9s (noir, cyan, magenta, jaune)<\/li>\n<li>Capacit\u00e9 du bac papier : bac universel de 50 feuilles, bac d\u2019entr\u00e9e de 250 feuilles<\/li>\n<li>Dimensions : 416 x 472 x 400 mm<\/li>\n<li>Poids : 23.4 kg<\/li>\n<\/ul>\n","protected":false},"excerpt":{"rendered":"<ul style=\"margin-top: 0px;margin-bottom: 14.5px;font-family: Yantramanav, sans-serif;font-size: 14px\" data-mce-style=\"margin-top: 0px; margin-bottom: 14.5px; font-family: Yantramanav, sans-serif; font-size: 14px;\">\n<li><strong>Imprimante laser\u00a0couleur professionnelle 4-en-1<\/strong><\/li>\n<li>Recto-verso automatique A4<\/li>\n<li>Fonctions de s\u00e9curit\u00e9 int\u00e9gr\u00e9es<\/li>\n<li>Num\u00e9risation vers SharePoint, e-mail, USB et vers dossiers r\u00e9seau<\/li>\n<li><strong>Multifonctions\u00a0: impression, num\u00e9risation, copie, t\u00e9l\u00e9copie<\/strong><\/li>\n<li>Impression de qualit\u00e9 professionnelle rapide avec vitesse d\u2019impression de\u00a0<strong>27\u00a0ppm<\/strong><\/li>\n<li><strong>Num\u00e9risation recto-verso<\/strong><\/li>\n<li><strong>\u00c9cran couleur tactile de 10.9 cm<\/strong><\/li>\n<li>Volume de page mensuel recommand\u00e9\u00a0: jusqu\u2019\u00e0 4 000 pages<\/li>\n<li>Connexions : USB 2.0, USB host, Gigabit Ethernet<\/li>\n<li>4 toners \u00e9chantillons LaserJet pr\u00e9install\u00e9s (noir, cyan, magenta, jaune)<\/li>\n<li>Capacit\u00e9 du bac papier : bac universel de 50 feuilles, bac d\u2019entr\u00e9e de 250 feuilles<\/li>\n<li>Dimensions : 416 x 472 x 400 mm<\/li>\n<li>Poids : 23.4 kg<\/li>\n<\/ul>\n","protected":false},"featured_media":3004,"comment_status":"open","ping_status":"closed","template":"","meta":{"_gspb_post_css":""},"store":[],"product_brand":[],"product_cat":[270,265],"product_tag":[],"class_list":{"0":"post-3003","1":"product","2":"type-product","3":"status-publish","4":"has-post-thumbnail","6":"product_cat-imprimantes","7":"product_cat-ordinateurimpirmante","9":"first","10":"instock","11":"shipping-taxable","12":"purchasable","13":"product-type-simple"},"_links":{"self":[{"href":"https:\/\/bimba.sn\/index.php?rest_route=\/wp\/v2\/product\/3003","targetHints":{"allow":["GET"]}}],"collection":[{"href":"https:\/\/bimba.sn\/index.php?rest_route=\/wp\/v2\/product"}],"about":[{"href":"https:\/\/bimba.sn\/index.php?rest_route=\/wp\/v2\/types\/product"}],"replies":[{"embeddable":true,"href":"https:\/\/bimba.sn\/index.php?rest_route=%2Fwp%2Fv2%2Fcomments&post=3003"}],"wp:featuredmedia":[{"embeddable":true,"href":"https:\/\/bimba.sn\/index.php?rest_route=\/wp\/v2\/media\/3004"}],"wp:attachment":[{"href":"https:\/\/bimba.sn\/index.php?rest_route=%2Fwp%2Fv2%2Fmedia&parent=3003"}],"wp:term":[{"taxonomy":"store","embeddable":true,"href":"https:\/\/bimba.sn\/index.php?rest_route=%2Fwp%2Fv2%2Fstore&post=3003"},{"taxonomy":"product_brand","embeddable":true,"href":"https:\/\/bimba.sn\/index.php?rest_route=%2Fwp%2Fv2%2Fproduct_brand&post=3003"},{"taxonomy":"product_cat","embeddable":true,"href":"https:\/\/bimba.sn\/index.php?rest_route=%2Fwp%2Fv2%2Fproduct_cat&post=3003"},{"taxonomy":"product_tag","embeddable":true,"href":"https:\/\/bimba.sn\/index.php?rest_route=%2Fwp%2Fv2%2Fproduct_tag&post=3003"}],"curies":[{"name":"wp","href":"https:\/\/api.w.org\/{rel}","templated":true}]}}