{"id":2985,"date":"2025-05-07T21:30:13","date_gmt":"2025-05-07T19:30:13","guid":{"rendered":"https:\/\/bimba.sn\/?product=refrigerateur-astech-re358bi-ha-3t-encastrable"},"modified":"2025-05-07T21:30:13","modified_gmt":"2025-05-07T19:30:13","slug":"refrigerateur-astech-re358bi-ha-3t-encastrable","status":"publish","type":"product","link":"https:\/\/bimba.sn\/?product=refrigerateur-astech-re358bi-ha-3t-encastrable","title":{"rendered":"REFRIGERATEUR ASTECH RE358BI-HA 3T ENCASTRABLE"},"content":{"rendered":"<p><br data-mce-bogus=\"1\"><\/p>\n","protected":false},"excerpt":{"rendered":"<p>Refrigerateur Combine Encastrable ASTECH RE358BI-HA<\/p>\n<p>Type de r\u00e9frig\u00e9rateur: R\u00e9frig\u00e9rateur Combin\u00e9<\/p>\n<p>Marque: ASTECH<\/p>\n<p>Mod\u00e8le: RE358BI-HA<\/p>\n<p>Capacit\u00e9: 277 Litres<\/p>\n<p>Encastrable: OUI<\/p>\n<p>Couleur: Blanc<\/p>\n<p>Nombre de tiroirs: 3<\/p>\n<p>Nombre de Portes: 2<\/p>\n","protected":false},"featured_media":2984,"comment_status":"open","ping_status":"closed","template":"","meta":{"_gspb_post_css":""},"store":[],"product_brand":[],"product_cat":[198],"product_tag":[],"class_list":{"0":"post-2985","1":"product","2":"type-product","3":"status-publish","4":"has-post-thumbnail","6":"product_cat-electromenager","8":"first","9":"instock","10":"sale","11":"shipping-taxable","12":"purchasable","13":"product-type-simple"},"_links":{"self":[{"href":"https:\/\/bimba.sn\/index.php?rest_route=\/wp\/v2\/product\/2985","targetHints":{"allow":["GET"]}}],"collection":[{"href":"https:\/\/bimba.sn\/index.php?rest_route=\/wp\/v2\/product"}],"about":[{"href":"https:\/\/bimba.sn\/index.php?rest_route=\/wp\/v2\/types\/product"}],"replies":[{"embeddable":true,"href":"https:\/\/bimba.sn\/index.php?rest_route=%2Fwp%2Fv2%2Fcomments&post=2985"}],"wp:featuredmedia":[{"embeddable":true,"href":"https:\/\/bimba.sn\/index.php?rest_route=\/wp\/v2\/media\/2984"}],"wp:attachment":[{"href":"https:\/\/bimba.sn\/index.php?rest_route=%2Fwp%2Fv2%2Fmedia&parent=2985"}],"wp:term":[{"taxonomy":"store","embeddable":true,"href":"https:\/\/bimba.sn\/index.php?rest_route=%2Fwp%2Fv2%2Fstore&post=2985"},{"taxonomy":"product_brand","embeddable":true,"href":"https:\/\/bimba.sn\/index.php?rest_route=%2Fwp%2Fv2%2Fproduct_brand&post=2985"},{"taxonomy":"product_cat","embeddable":true,"href":"https:\/\/bimba.sn\/index.php?rest_route=%2Fwp%2Fv2%2Fproduct_cat&post=2985"},{"taxonomy":"product_tag","embeddable":true,"href":"https:\/\/bimba.sn\/index.php?rest_route=%2Fwp%2Fv2%2Fproduct_tag&post=2985"}],"curies":[{"name":"wp","href":"https:\/\/api.w.org\/{rel}","templated":true}]}}