{"id":2876,"date":"2025-05-06T08:41:58","date_gmt":"2025-05-06T06:41:58","guid":{"rendered":"https:\/\/bimba.sn\/?product=cable-vga-20m"},"modified":"2025-05-06T08:41:58","modified_gmt":"2025-05-06T06:41:58","slug":"cable-vga-20m","status":"publish","type":"product","link":"https:\/\/bimba.sn\/?product=cable-vga-20m","title":{"rendered":"Cable Vga 20m"},"content":{"rendered":"<p><br data-mce-bogus=\"1\"><\/p>\n","protected":false},"excerpt":{"rendered":"<div class=\"woocommerce-product-details__short-description\" style=\"line-height: 1.4;padding-bottom: 15px;margin-bottom: 20px\">\n<p style=\"margin-bottom: 0px;margin-top: 0px\">Type de connecteur: VGA<\/p>\n<p style=\"margin-bottom: 0px;margin-top: 0px\">Compatibilit\u00e9 du p\u00e9riph\u00e9rique: Ordinateur, \u00c9cran PC<\/p>\n<p style=\"margin-bottom: 0px;margin-top: 0px\">Couleur: Noir<\/p>\n<p style=\"margin-bottom: 0px;margin-top: 0px\">Marque: Rankie<\/p>\n<p style=\"margin-bottom: 0px;margin-top: 0px\">20m Noir. Vissez-dedans c\u00e2ble VGA avec m\u00e2le de 15 broches input et output<\/p>\n<p style=\"margin-bottom: 0px;margin-top: 0px\">Support de r\u00e9solution \u00e0 800\u00d7600 (SVGA), 1024\u00d7768 (XGA), 1600\u00d71200 (UXGA), 1080p (Full HD), 1920\u00d71200 (WUXGA), et pour moniteurs de LCD et LED de haute r\u00e9solution<\/p>\n<p style=\"margin-bottom: 0px;margin-top: 0px\">Le cordon de VGA \u00e9quip\u00e9 avec connecteurs moul\u00e9s de d\u00e9charge de traction pour la durabilit\u00e9, bandes de roulement de adh\u00e9rence pour le brancher et d\u00e9brancher facilement ; et les vis de doigt-serr\u00e9s pour une connexion s\u00e9curis\u00e9e<\/p>\n<p style=\"margin-bottom: 0px;margin-top: 0px\">Connecteurs plaqu\u00e9s d\u2019or ; 100% fils conductrices de cuivre nu<\/p>\n<p style=\"margin-bottom: 0px;margin-top: 0px\">Connecter votre PC dot\u00e9 d\u2019un port VGA \u00e0 un \u00e9cran \u00e9galement dot\u00e9 d\u2019un port VGA \u00e0 15 broches.<\/p>\n<\/div>\n<div class=\"quantity\" style=\"position: relative;float: left;margin: 0px 30px 0px 0px\"><label class=\"screen-reader-text\" for=\"quantity_6819acb0a1bbe\" style=\"border: 0px;height: 1px;margin: -1px;overflow: hidden;padding: 0px;position: absolute !important;width: 1px\">VISION GLOBALE DE L\u2019INFORMATIQUE \u2013 Cable Vga 20m quan<\/label><\/p>\n<div class=\"qty-box\" style=\"padding: 0px 20px;position: relative\"><span class=\"increase icon_plus\" style=\"font-family: ElegantIcons;line-height: 1;font-size: 24px;cursor: pointer;position: absolute;top: 18.3333px;left: auto;right: 10px;width: 30px;text-align: right\"><\/span><\/div>\n<\/div>\n","protected":false},"featured_media":2865,"comment_status":"open","ping_status":"closed","template":"","meta":{"_gspb_post_css":""},"store":[],"product_brand":[],"product_cat":[275,234,278],"product_tag":[],"class_list":{"0":"post-2876","1":"product","2":"type-product","3":"status-publish","4":"has-post-thumbnail","6":"product_cat-accessoiresaudioetvideo","7":"product_cat-accessoireimageetson","8":"product_cat-cablesetinterconnexions","10":"first","11":"instock","12":"shipping-taxable","13":"purchasable","14":"product-type-simple"},"_links":{"self":[{"href":"https:\/\/bimba.sn\/index.php?rest_route=\/wp\/v2\/product\/2876","targetHints":{"allow":["GET"]}}],"collection":[{"href":"https:\/\/bimba.sn\/index.php?rest_route=\/wp\/v2\/product"}],"about":[{"href":"https:\/\/bimba.sn\/index.php?rest_route=\/wp\/v2\/types\/product"}],"replies":[{"embeddable":true,"href":"https:\/\/bimba.sn\/index.php?rest_route=%2Fwp%2Fv2%2Fcomments&post=2876"}],"wp:featuredmedia":[{"embeddable":true,"href":"https:\/\/bimba.sn\/index.php?rest_route=\/wp\/v2\/media\/2865"}],"wp:attachment":[{"href":"https:\/\/bimba.sn\/index.php?rest_route=%2Fwp%2Fv2%2Fmedia&parent=2876"}],"wp:term":[{"taxonomy":"store","embeddable":true,"href":"https:\/\/bimba.sn\/index.php?rest_route=%2Fwp%2Fv2%2Fstore&post=2876"},{"taxonomy":"product_brand","embeddable":true,"href":"https:\/\/bimba.sn\/index.php?rest_route=%2Fwp%2Fv2%2Fproduct_brand&post=2876"},{"taxonomy":"product_cat","embeddable":true,"href":"https:\/\/bimba.sn\/index.php?rest_route=%2Fwp%2Fv2%2Fproduct_cat&post=2876"},{"taxonomy":"product_tag","embeddable":true,"href":"https:\/\/bimba.sn\/index.php?rest_route=%2Fwp%2Fv2%2Fproduct_tag&post=2876"}],"curies":[{"name":"wp","href":"https:\/\/api.w.org\/{rel}","templated":true}]}}