{"id":2872,"date":"2025-05-06T08:39:48","date_gmt":"2025-05-06T06:39:48","guid":{"rendered":"https:\/\/bimba.sn\/?product=cable-vga-premium-3m"},"modified":"2025-05-06T08:39:48","modified_gmt":"2025-05-06T06:39:48","slug":"cable-vga-premium-3m","status":"publish","type":"product","link":"https:\/\/bimba.sn\/?product=cable-vga-premium-3m","title":{"rendered":"C\u00e2ble VGA Premium | 3m"},"content":{"rendered":"<p><br data-mce-bogus=\"1\"><\/p>\n","protected":false},"excerpt":{"rendered":"<ul>\n<li>Cable VGA universel de qualit\u00e9 sup\u00e9rieure<\/li>\n<li>Supporte les r\u00e9solutions 720 \u00e0 1080p<\/li>\n<li>Compatible tout appareil avec connecteur VGA<\/li>\n<li>Permet de relier un ordinateur ou tout appareil avec prise VGA \u00e0 un \u00e9cran, vid\u00e9o projecteur\u2026<\/li>\n<li>Longueur 3 m\u00e8tres<\/li>\n<\/ul>\n","protected":false},"featured_media":2864,"comment_status":"open","ping_status":"closed","template":"","meta":{"_gspb_post_css":""},"store":[],"product_brand":[],"product_cat":[275,234,268,278,225,239],"product_tag":[],"class_list":{"0":"post-2872","1":"product","2":"type-product","3":"status-publish","4":"has-post-thumbnail","6":"product_cat-accessoiresaudioetvideo","7":"product_cat-accessoireimageetson","8":"product_cat-accessoirespourordinateurportable","9":"product_cat-cablesetinterconnexions","10":"product_cat-tvvideohomecinema","11":"product_cat-video","13":"first","14":"instock","15":"shipping-taxable","16":"purchasable","17":"product-type-simple"},"_links":{"self":[{"href":"https:\/\/bimba.sn\/index.php?rest_route=\/wp\/v2\/product\/2872","targetHints":{"allow":["GET"]}}],"collection":[{"href":"https:\/\/bimba.sn\/index.php?rest_route=\/wp\/v2\/product"}],"about":[{"href":"https:\/\/bimba.sn\/index.php?rest_route=\/wp\/v2\/types\/product"}],"replies":[{"embeddable":true,"href":"https:\/\/bimba.sn\/index.php?rest_route=%2Fwp%2Fv2%2Fcomments&post=2872"}],"wp:featuredmedia":[{"embeddable":true,"href":"https:\/\/bimba.sn\/index.php?rest_route=\/wp\/v2\/media\/2864"}],"wp:attachment":[{"href":"https:\/\/bimba.sn\/index.php?rest_route=%2Fwp%2Fv2%2Fmedia&parent=2872"}],"wp:term":[{"taxonomy":"store","embeddable":true,"href":"https:\/\/bimba.sn\/index.php?rest_route=%2Fwp%2Fv2%2Fstore&post=2872"},{"taxonomy":"product_brand","embeddable":true,"href":"https:\/\/bimba.sn\/index.php?rest_route=%2Fwp%2Fv2%2Fproduct_brand&post=2872"},{"taxonomy":"product_cat","embeddable":true,"href":"https:\/\/bimba.sn\/index.php?rest_route=%2Fwp%2Fv2%2Fproduct_cat&post=2872"},{"taxonomy":"product_tag","embeddable":true,"href":"https:\/\/bimba.sn\/index.php?rest_route=%2Fwp%2Fv2%2Fproduct_tag&post=2872"}],"curies":[{"name":"wp","href":"https:\/\/api.w.org\/{rel}","templated":true}]}}