{"id":2821,"date":"2025-05-05T22:58:33","date_gmt":"2025-05-05T20:58:33","guid":{"rendered":"https:\/\/bimba.sn\/?product=memoire-ram-ddr3-pc3l-12800-8gb-pour-ordinateur-portable"},"modified":"2025-05-05T22:58:33","modified_gmt":"2025-05-05T20:58:33","slug":"memoire-ram-ddr3-pc3l-12800-8gb-pour-ordinateur-portable","status":"publish","type":"product","link":"https:\/\/bimba.sn\/?product=memoire-ram-ddr3-pc3l-12800-8gb-pour-ordinateur-portable","title":{"rendered":"Memoire RAM DDR3 PC3L 12800 8GB pour ORDINATEUR PORTABLE"},"content":{"rendered":"<p><br data-mce-bogus=\"1\"><\/p>\n","protected":false},"excerpt":{"rendered":"<p id=\"tw-target-text\" class=\"tw-data-text tw-text-large tw-ta\" dir=\"ltr\" data-placeholder=\"Traduction\"><span lang=\"fr\" style=\"margin-bottom: 0px\">Le kit de module de m\u00e9moire SODIMM DDR3 PC3-12800 204\u00a0 8 Go) pour Mac de Crucial Technology contribue \u00e0 augmenter la vitesse des ordinateurs portables et d\u2019autres plates-formes de calcul \u00e0 taille r\u00e9duite en fournissant deux modules de 8 Go de m\u00e9moire DDR3. L\u2019augmentation de la RAM de votre ordinateur vous permet de faire fonctionner plus d\u2019applications simultan\u00e9ment sans probl\u00e8mes informatiques.<\/span><\/p>\n<ul>\n<li><span lang=\"fr\" style=\"margin-bottom: 0px\">Synchronous Dynamic RAM (SDRAM) offre des performances<\/span><\/li>\n<li><span lang=\"fr\" style=\"margin-bottom: 0px\">sup\u00e9rieures SODIMM 204 broches, traitement du signal sans tampon<\/span><\/li>\n<li><span lang=\"fr\" style=\"margin-bottom: 0px\">1600 MHz vitesse<\/span><\/li>\n<li style=\"margin-bottom: 0px\"><span lang=\"fr\">d\u2019horloge\u00a0<\/span><span lang=\"fr\" style=\"margin-bottom: 0px\">Installation<\/span><\/li>\n<\/ul>\n","protected":false},"featured_media":2819,"comment_status":"open","ping_status":"closed","template":"","meta":{"_gspb_post_css":""},"store":[],"product_brand":[],"product_cat":[268,269],"product_tag":[],"class_list":{"0":"post-2821","1":"product","2":"type-product","3":"status-publish","4":"has-post-thumbnail","6":"product_cat-accessoirespourordinateurportable","7":"product_cat-composantspc","9":"first","10":"instock","11":"sale","12":"shipping-taxable","13":"purchasable","14":"product-type-simple"},"_links":{"self":[{"href":"https:\/\/bimba.sn\/index.php?rest_route=\/wp\/v2\/product\/2821","targetHints":{"allow":["GET"]}}],"collection":[{"href":"https:\/\/bimba.sn\/index.php?rest_route=\/wp\/v2\/product"}],"about":[{"href":"https:\/\/bimba.sn\/index.php?rest_route=\/wp\/v2\/types\/product"}],"replies":[{"embeddable":true,"href":"https:\/\/bimba.sn\/index.php?rest_route=%2Fwp%2Fv2%2Fcomments&post=2821"}],"wp:featuredmedia":[{"embeddable":true,"href":"https:\/\/bimba.sn\/index.php?rest_route=\/wp\/v2\/media\/2819"}],"wp:attachment":[{"href":"https:\/\/bimba.sn\/index.php?rest_route=%2Fwp%2Fv2%2Fmedia&parent=2821"}],"wp:term":[{"taxonomy":"store","embeddable":true,"href":"https:\/\/bimba.sn\/index.php?rest_route=%2Fwp%2Fv2%2Fstore&post=2821"},{"taxonomy":"product_brand","embeddable":true,"href":"https:\/\/bimba.sn\/index.php?rest_route=%2Fwp%2Fv2%2Fproduct_brand&post=2821"},{"taxonomy":"product_cat","embeddable":true,"href":"https:\/\/bimba.sn\/index.php?rest_route=%2Fwp%2Fv2%2Fproduct_cat&post=2821"},{"taxonomy":"product_tag","embeddable":true,"href":"https:\/\/bimba.sn\/index.php?rest_route=%2Fwp%2Fv2%2Fproduct_tag&post=2821"}],"curies":[{"name":"wp","href":"https:\/\/api.w.org\/{rel}","templated":true}]}}