{"id":2753,"date":"2025-05-05T00:31:56","date_gmt":"2025-05-04T22:31:56","guid":{"rendered":"https:\/\/bimba.sn\/?product=kaspersky-antivirus-plus-2-postes-1-an"},"modified":"2025-05-05T00:31:56","modified_gmt":"2025-05-04T22:31:56","slug":"kaspersky-antivirus-plus-2-postes-1-an","status":"publish","type":"product","link":"https:\/\/bimba.sn\/?product=kaspersky-antivirus-plus-2-postes-1-an","title":{"rendered":"Kaspersky Antivirus PLUS &#8211; 2 Postes- 1 An"},"content":{"rendered":"<p>Naviguez sur le Web, utilisez les r\u00e9seaux sociaux et effectuez des achats en ligne (sur PC, Mac et mobiles) en toute tranquillit\u00e9 : Kaspersky Plus Internet Security 4 appareils vous prot\u00e8ge des virus, des ransomwares, du phishing et du vol d\u2019identit\u00e9.<\/p>\n<p><span style=\"margin: 0px;padding: 0px;border: 0px;vertical-align: baseline;font-style: inherit;font-variant: inherit;font-weight: 600;line-height: inherit;font-family: inherit\">S\u00c9CURISATION gr\u00e2ce \u00e0 une protection prim\u00e9e<\/span><br \/>Naviguez sur le Web, utilisez les r\u00e9seaux sociaux, faites des achats et regardez des vid\u00e9os en streaming sans vous soucier des pirates, des virus, des ransomwares, des courriers ind\u00e9sirables, du vol d\u2019identit\u00e9 et des banni\u00e8res publicitaires* (*Uniquement pour PC).<\/p>\n<p><span style=\"margin: 0px;padding: 0px;border: 0px;vertical-align: baseline;font-style: inherit;font-variant: inherit;font-weight: 600;line-height: inherit;font-family: inherit\">COMPATIBLE avec PC, Mac ou appareils Android<\/span><br \/>Quels que soient l\u2019ordinateur et les appareils Android que votre famille utilise, nous veillerons \u00e0 la s\u00e9curit\u00e9 de chacun d\u2019entre vous\u2026 et si un t\u00e9l\u00e9phone ou une tablette venait \u00e0 dispara\u00eetre, vous pourrez les verrouiller, effacer leur contenu et les retrouver gr\u00e2ce \u00e0 nos outils \u00e0 distance.<\/p>\n<p><span style=\"margin: 0px;padding: 0px;border: 0px;vertical-align: baseline;font-style: inherit;font-variant: inherit;font-weight: 600;line-height: inherit;font-family: inherit\">PROTECTION de votre vie priv\u00e9e<\/span><br \/>Le phishing et l\u2019espionnage num\u00e9riques peuvent faire bien plus que g\u00e2cher votre journ\u00e9e. C\u2019est pour cela que nous prot\u00e9geons vos donn\u00e9es personnelles, emp\u00eachons que vos activit\u00e9s en ligne soient traqu\u00e9es** et que votre webcam soit utilis\u00e9e pour vous espionner**. De plus, une nouvelle technologie brevet\u00e9e vous permet d\u2019\u00e9viter une surveillance audio en bloquant l\u2019acc\u00e8s non autoris\u00e9 aux donn\u00e9es du micro*. Vous pouvez aussi ajouter un mot de passe pour verrouiller des applications sur vos appareils Android.<br \/>*Uniquement pour PC<br \/>**Uniquement pour PC et Mac<\/p>\n<p><span style=\"margin: 0px;padding: 0px;border: 0px;vertical-align: baseline;font-style: inherit;font-variant: inherit;font-weight: 600;line-height: inherit;font-family: inherit\">CONNEXIONS Wi-Fi plus s\u00fbres<br \/><\/span>Chaque fois que vous surfez sur Internet (m\u00eame lorsque vous utilisez un r\u00e9seau wifi public), nous vous aidons \u00e0 prot\u00e9ger vos communications, votre identit\u00e9 et vos donn\u00e9es. Vous pouvez naviguer sur le Web, utiliser les r\u00e9seaux sociaux ou regarder du contenu en streaming, nous veillons \u00e0 la protection de votre vie priv\u00e9e.**<br \/>**Uniquement pour PC et Mac<\/p>\n<p><span style=\"margin: 0px;padding: 0px;border: 0px;vertical-align: baseline;font-style: inherit;font-variant: inherit;font-weight: 600;line-height: inherit;font-family: inherit\">PROTECTION des donn\u00e9es bancaires<\/span><br \/>Nous renfor\u00e7ons la s\u00e9curit\u00e9 de vos transactions financi\u00e8res pour emp\u00eacher le vol d\u2019argent. Lorsqu\u2019un membre de votre famille clique pour acc\u00e9der \u00e0 ses sites Internet pr\u00e9f\u00e9r\u00e9s pour les achats ou les op\u00e9rations bancaires, notre technologie de protection bancaire unique v\u00e9rifie que le site Internet est s\u00e9curis\u00e9, s\u2019assure qu\u2019il n\u2019a pas \u00e9t\u00e9 pirat\u00e9 et ouvre le site dans un mode prot\u00e9g\u00e9 sp\u00e9cial.**<br \/>**Uniquement pour PC et Mac<\/p>\n<p><span style=\"margin: 0px;padding: 0px;border: 0px;vertical-align: baseline;font-style: inherit;font-variant: inherit;font-weight: 600;line-height: inherit;font-family: inherit\">PROTECTION de vos enfants sur Internet<\/span><br \/>Il y a tellement de dangers pour les enfants sur Internet que nous voulons vous aider \u00e0 les prot\u00e9ger. Vous pouvez bloquer les sites et les contenus inappropri\u00e9s, et g\u00e9rer leur acc\u00e8s aux r\u00e9seaux sociaux**.<br \/>**Uniquement pour PC et Mac<\/p>\n<p><span style=\"margin: 0px;padding: 0px;border: 0px;vertical-align: baseline;font-style: inherit;font-variant: inherit;font-weight: 600;line-height: inherit;font-family: inherit\">PERFORMANCES et s\u00e9curit\u00e9 optimales<\/span><br \/>Nos technologies allient s\u00e9curit\u00e9 et efficacit\u00e9 sans nuire aux performances de vos appareils. Vous pouvez ainsi vous adonner pleinement \u00e0 vos activit\u00e9s en ligne.<\/p>\n<p><span style=\"margin: 0px;padding: 0px;border: 0px;vertical-align: baseline;font-style: inherit;font-variant: inherit;font-weight: 600;line-height: inherit;font-family: inherit\">SIMPLICIT\u00c9 de gestion de votre s\u00e9curit\u00e9<\/span><br \/>Assurez votre s\u00e9curit\u00e9 en toute simplicit\u00e9, quel que soit le r\u00e9seau et l\u2019appareil utilis\u00e9\u2026 et contactez le support technique en un seul clic.<\/p>\n","protected":false},"excerpt":{"rendered":"<p>Les pirates et autres criminels sont toujours \u00e0 l\u2019aff\u00fbt. Alors quand vous vous connectez, nous vous prot\u00e9geons\u2026 Nous vous aidons \u00e0 s\u00e9curiser vos activit\u00e9s en ligne contre les cybermenaces.<\/p>\n<ul>\n<li style=\"margin: 0px 0px 10px;padding: 0px;border: 0px;vertical-align: baseline;font-style: inherit;font-variant: inherit;font-weight: inherit;line-height: inherit;font-family: inherit\">Prot\u00e8ge contre les ransomwares et autres menaces<\/li>\n<li style=\"margin: 0px 0px 10px;padding: 0px;border: 0px;vertical-align: baseline;font-style: inherit;font-variant: inherit;font-weight: inherit;line-height: inherit;font-family: inherit\">Aide \u00e0 garder votre vie priv\u00e9e\u2026 priv\u00e9e<\/li>\n<li style=\"margin: 0px;padding: 0px;border: 0px;vertical-align: baseline;font-style: inherit;font-variant: inherit;font-weight: inherit;line-height: inherit;font-family: inherit\">Renforce la s\u00e9curit\u00e9 de vos transactions bancaires en ligne<\/li>\n<\/ul>\n","protected":false},"featured_media":2752,"comment_status":"open","ping_status":"closed","template":"","meta":{"_gspb_post_css":""},"store":[],"product_brand":[],"product_cat":[280],"product_tag":[],"class_list":{"0":"post-2753","1":"product","2":"type-product","3":"status-publish","4":"has-post-thumbnail","6":"product_cat-antivirussecurite","8":"first","9":"instock","10":"shipping-taxable","11":"purchasable","12":"product-type-simple"},"_links":{"self":[{"href":"https:\/\/bimba.sn\/index.php?rest_route=\/wp\/v2\/product\/2753","targetHints":{"allow":["GET"]}}],"collection":[{"href":"https:\/\/bimba.sn\/index.php?rest_route=\/wp\/v2\/product"}],"about":[{"href":"https:\/\/bimba.sn\/index.php?rest_route=\/wp\/v2\/types\/product"}],"replies":[{"embeddable":true,"href":"https:\/\/bimba.sn\/index.php?rest_route=%2Fwp%2Fv2%2Fcomments&post=2753"}],"wp:featuredmedia":[{"embeddable":true,"href":"https:\/\/bimba.sn\/index.php?rest_route=\/wp\/v2\/media\/2752"}],"wp:attachment":[{"href":"https:\/\/bimba.sn\/index.php?rest_route=%2Fwp%2Fv2%2Fmedia&parent=2753"}],"wp:term":[{"taxonomy":"store","embeddable":true,"href":"https:\/\/bimba.sn\/index.php?rest_route=%2Fwp%2Fv2%2Fstore&post=2753"},{"taxonomy":"product_brand","embeddable":true,"href":"https:\/\/bimba.sn\/index.php?rest_route=%2Fwp%2Fv2%2Fproduct_brand&post=2753"},{"taxonomy":"product_cat","embeddable":true,"href":"https:\/\/bimba.sn\/index.php?rest_route=%2Fwp%2Fv2%2Fproduct_cat&post=2753"},{"taxonomy":"product_tag","embeddable":true,"href":"https:\/\/bimba.sn\/index.php?rest_route=%2Fwp%2Fv2%2Fproduct_tag&post=2753"}],"curies":[{"name":"wp","href":"https:\/\/api.w.org\/{rel}","templated":true}]}}