{"id":2704,"date":"2025-05-04T21:45:51","date_gmt":"2025-05-04T19:45:51","guid":{"rendered":"https:\/\/bimba.sn\/?product=6-en-1-hub-usb-c-pour-ordinateur-portable"},"modified":"2025-05-04T21:45:51","modified_gmt":"2025-05-04T19:45:51","slug":"6-en-1-hub-usb-c-pour-ordinateur-portable","status":"publish","type":"product","link":"https:\/\/bimba.sn\/?product=6-en-1-hub-usb-c-pour-ordinateur-portable","title":{"rendered":"6-en-1 Hub USB-C pour ordinateur portable"},"content":{"rendered":"<p><br data-mce-bogus=\"1\"><\/p>\n","protected":false},"excerpt":{"rendered":"<p><span style=\"font-family: Roboto, sans-serif;font-size: 15px\">\u00a0Festin<\/span><br style=\"font-family: Roboto, sans-serif;font-size: 15px\"><span style=\"font-family: Roboto, sans-serif;font-size: 15px\">visuel ultra-clair 4K \u25cf 1000 Mbps Gigabit Ethernet<\/span><br style=\"font-family: Roboto, sans-serif;font-size: 15px\"><span style=\"font-family: Roboto, sans-serif;font-size: 15px\">\u25cf Transfert<\/span><br style=\"font-family: Roboto, sans-serif;font-size: 15px\"><span style=\"font-family: Roboto, sans-serif;font-size: 15px\">de donn\u00e9es \u00e0 haut d\u00e9bit \u25cf Charge<\/span><br style=\"font-family: Roboto, sans-serif;font-size: 15px\"><span style=\"font-family: Roboto, sans-serif;font-size: 15px\">directe 100W \u25cf Fonction d\u2019arr\u00eat de l\u2019\u00e9cran en un clic<\/span><\/p>\n","protected":false},"featured_media":2692,"comment_status":"open","ping_status":"closed","template":"","meta":{"_gspb_post_css":""},"store":[],"product_brand":[],"product_cat":[268],"product_tag":[],"class_list":{"0":"post-2704","1":"product","2":"type-product","3":"status-publish","4":"has-post-thumbnail","6":"product_cat-accessoirespourordinateurportable","8":"first","9":"instock","10":"shipping-taxable","11":"purchasable","12":"product-type-simple"},"_links":{"self":[{"href":"https:\/\/bimba.sn\/index.php?rest_route=\/wp\/v2\/product\/2704","targetHints":{"allow":["GET"]}}],"collection":[{"href":"https:\/\/bimba.sn\/index.php?rest_route=\/wp\/v2\/product"}],"about":[{"href":"https:\/\/bimba.sn\/index.php?rest_route=\/wp\/v2\/types\/product"}],"replies":[{"embeddable":true,"href":"https:\/\/bimba.sn\/index.php?rest_route=%2Fwp%2Fv2%2Fcomments&post=2704"}],"wp:featuredmedia":[{"embeddable":true,"href":"https:\/\/bimba.sn\/index.php?rest_route=\/wp\/v2\/media\/2692"}],"wp:attachment":[{"href":"https:\/\/bimba.sn\/index.php?rest_route=%2Fwp%2Fv2%2Fmedia&parent=2704"}],"wp:term":[{"taxonomy":"store","embeddable":true,"href":"https:\/\/bimba.sn\/index.php?rest_route=%2Fwp%2Fv2%2Fstore&post=2704"},{"taxonomy":"product_brand","embeddable":true,"href":"https:\/\/bimba.sn\/index.php?rest_route=%2Fwp%2Fv2%2Fproduct_brand&post=2704"},{"taxonomy":"product_cat","embeddable":true,"href":"https:\/\/bimba.sn\/index.php?rest_route=%2Fwp%2Fv2%2Fproduct_cat&post=2704"},{"taxonomy":"product_tag","embeddable":true,"href":"https:\/\/bimba.sn\/index.php?rest_route=%2Fwp%2Fv2%2Fproduct_tag&post=2704"}],"curies":[{"name":"wp","href":"https:\/\/api.w.org\/{rel}","templated":true}]}}