{"id":2495,"date":"2025-05-01T19:24:45","date_gmt":"2025-05-01T17:24:45","guid":{"rendered":"https:\/\/bimba.sn\/?product=refrigerateur-astech-fb50sg-mini-bar-marron"},"modified":"2025-05-01T19:24:45","modified_gmt":"2025-05-01T17:24:45","slug":"refrigerateur-astech-fb50sg-mini-bar-marron","status":"publish","type":"product","link":"https:\/\/bimba.sn\/?product=refrigerateur-astech-fb50sg-mini-bar-marron","title":{"rendered":"REFRIGERATEUR ASTECH FB50SG MINI BAR MARRON"},"content":{"rendered":"<p><br data-mce-bogus=\"1\"><\/p>\n","protected":false},"excerpt":{"rendered":"<p><span style=\"font-family: Heebo, Arial, Helvetica, sans-serif;font-size: 15px;letter-spacing: 0.4px;text-align: justify\">Marque: Astech<\/span><br style=\"font-family: Heebo, Arial, Helvetica, sans-serif;font-size: 15px;letter-spacing: 0.4px;text-align: justify\"><span style=\"font-family: Heebo, Arial, Helvetica, sans-serif;font-size: 15px;letter-spacing: 0.4px;text-align: justify\">Type de produit: Mini Bar<\/span><br style=\"font-family: Heebo, Arial, Helvetica, sans-serif;font-size: 15px;letter-spacing: 0.4px;text-align: justify\"><span style=\"font-family: Heebo, Arial, Helvetica, sans-serif;font-size: 15px;letter-spacing: 0.4px;text-align: justify\">Cat\u00e9gorie: R\u00e9frig\u00e9rateurs<\/span><br style=\"font-family: Heebo, Arial, Helvetica, sans-serif;font-size: 15px;letter-spacing: 0.4px;text-align: justify\"><span style=\"font-family: Heebo, Arial, Helvetica, sans-serif;font-size: 15px;letter-spacing: 0.4px;text-align: justify\">Capacit\u00e9 en litres: 70 L<\/span><br data-mce-bogus=\"1\"><\/p>\n","protected":false},"featured_media":2494,"comment_status":"open","ping_status":"closed","template":"","meta":{"_gspb_post_css":""},"store":[],"product_brand":[],"product_cat":[198,252],"product_tag":[],"class_list":{"0":"post-2495","1":"product","2":"type-product","3":"status-publish","4":"has-post-thumbnail","6":"product_cat-electromenager","7":"product_cat-refrigerateur","9":"first","10":"instock","11":"sale","12":"shipping-taxable","13":"purchasable","14":"product-type-simple"},"_links":{"self":[{"href":"https:\/\/bimba.sn\/index.php?rest_route=\/wp\/v2\/product\/2495","targetHints":{"allow":["GET"]}}],"collection":[{"href":"https:\/\/bimba.sn\/index.php?rest_route=\/wp\/v2\/product"}],"about":[{"href":"https:\/\/bimba.sn\/index.php?rest_route=\/wp\/v2\/types\/product"}],"replies":[{"embeddable":true,"href":"https:\/\/bimba.sn\/index.php?rest_route=%2Fwp%2Fv2%2Fcomments&post=2495"}],"wp:featuredmedia":[{"embeddable":true,"href":"https:\/\/bimba.sn\/index.php?rest_route=\/wp\/v2\/media\/2494"}],"wp:attachment":[{"href":"https:\/\/bimba.sn\/index.php?rest_route=%2Fwp%2Fv2%2Fmedia&parent=2495"}],"wp:term":[{"taxonomy":"store","embeddable":true,"href":"https:\/\/bimba.sn\/index.php?rest_route=%2Fwp%2Fv2%2Fstore&post=2495"},{"taxonomy":"product_brand","embeddable":true,"href":"https:\/\/bimba.sn\/index.php?rest_route=%2Fwp%2Fv2%2Fproduct_brand&post=2495"},{"taxonomy":"product_cat","embeddable":true,"href":"https:\/\/bimba.sn\/index.php?rest_route=%2Fwp%2Fv2%2Fproduct_cat&post=2495"},{"taxonomy":"product_tag","embeddable":true,"href":"https:\/\/bimba.sn\/index.php?rest_route=%2Fwp%2Fv2%2Fproduct_tag&post=2495"}],"curies":[{"name":"wp","href":"https:\/\/api.w.org\/{rel}","templated":true}]}}