{"id":2417,"date":"2025-04-29T12:42:02","date_gmt":"2025-04-29T10:42:02","guid":{"rendered":"https:\/\/bimba.sn\/?product=ecran-ordinateur-hp-27f-27-pouces"},"modified":"2025-04-29T12:42:02","modified_gmt":"2025-04-29T10:42:02","slug":"ecran-ordinateur-hp-27f-27-pouces","status":"publish","type":"product","link":"https:\/\/bimba.sn\/?product=ecran-ordinateur-hp-27f-27-pouces","title":{"rendered":"Ecran ordinateur HP 27f \u2013 27 pouces"},"content":{"rendered":"<p>Profitez de l\u2019excellente qualit\u00e9 d\u2019image que vous recherchez avec cet \u00e9cran ultra-plat \u00e0 micro-bords, au design attrayant en aluminium et \u00e0 l\u2019angle de vision ultra-large. Que vous surfiez sur Internet ou que vous passiez du contenu multim\u00e9dia, il vous permet de voir le monde d\u2019une fa\u00e7on radicalement diff\u00e9rente.<\/p>\n<ul>\n<li style=\"background-repeat: no-repeat;padding: 0px;margin: 0px\">Ecran LCD \u00e0 r\u00e9tro\u00e9clairage LED \/ matrice active TFT<\/li>\n<li style=\"background-repeat: no-repeat;padding: 0px;margin: 0px\">Interfaces : VGA (HDCP), 2 x HDMI (HDCP)<\/li>\n<li style=\"background-repeat: no-repeat;padding: 0px;margin: 0px\">R\u00e9solution native : Full HD (1080p) 1920 x 1080 \u00e0 60 Hz<\/li>\n<li style=\"background-repeat: no-repeat;padding: 0px;margin: 0px\">Temps de r\u00e9ponse : 5 ms (gris \u00e0 gris avec Overdrive)<\/li>\n<\/ul>\n<p><br style=\"background-repeat: no-repeat;padding: 0px;margin: 0px\"><\/p>\n<p>Profitez de l\u2019excellente qualit\u00e9 d\u2019image que vous recherchez avec cet \u00e9cran ultra-plat \u00e0 micro-bords, au design attrayant en aluminium et \u00e0 l\u2019angle de vision ultra-large. Que vous surfiez sur Internet ou que vous passiez du contenu multim\u00e9dia, il vous permet de voir le monde d\u2019une fa\u00e7on radicalement diff\u00e9rente.<\/p>\n<h3>Un design attrayant et ultra-plat<\/h3>\n<p>Fabriqu\u00e9 \u00e0 partir de m\u00e9tal l\u00e9ger et r\u00e9sistant avec une finition mate et une r\u00e9sine au poli miroir, cet \u00e9cran ultra-plat ajoute une touche de modernit\u00e9 \u00e0 votre int\u00e9rieur, pour un prix toujours abordable.<\/p>\n<h3>Extraordinaire de bord \u00e0 bord<\/h3>\n<p>Avec sa dalle IPS \u00e9clatante, cet \u00e9cran \u00e0 micro-bords offre un angle de vision ultra-large et une qualit\u00e9 d\u2019image claire et pr\u00e9cise. Il \u00e9largit consid\u00e9rablement votre exp\u00e9rience de visualisation, et est parfait pour les configurations \u00e0 deux \u00e9crans.<\/p>\n<h3>Une multitude de fonctionnalit\u00e9s de divertissement<\/h3>\n<p data-mce-style=\"font-size: 14px; background-repeat: no-repeat; box-sizing: inherit; padding: 0px; margin: 0px 0px 16px; font-family: 'IBM Plex Sans'; color: rgba(0, 0, 0, 0.87); background-color: #f6f9fc; text-align: left;\">Faites l\u2019exp\u00e9rience de la diff\u00e9rence de la r\u00e9solution FHD sur tous vos contenus. De plus, gr\u00e2ce \u00e0 AMD FreeSync\u2122, les flous et les retards sur vos jeux sur ordinateur appartiennent au pass\u00e9.<\/p>\n","protected":false},"excerpt":{"rendered":"<div id=\"description\" class=\"description\">\n<div style=\"margin: 0px;padding: 0px;border: 0px;vertical-align: baseline;font-style: inherit;font-variant: inherit;font-weight: inherit;line-height: inherit;font-family: inherit\">\n<p><\/p>\n<\/div>\n<\/div>\n<ul>\n<li style=\"margin-top: 0px;margin-right: 0px;margin-bottom: var(--li-mb);margin-left: 0px;padding: 0px;border: 0px;vertical-align: baseline;font-style: inherit;font-variant: inherit;font-weight: inherit;line-height: inherit;font-family: inherit\">Ecran de\u00a0<span style=\"margin: 0px;padding: 0px;border: 0px;vertical-align: baseline;font-style: inherit;font-variant: inherit;font-weight: 600;line-height: inherit;font-family: inherit\">27 pouces<\/span> bord \u00e0 bord avec r\u00e9solution 1920 x 1080 pixels 60hz<\/li>\n<li style=\"margin-top: 0px;margin-right: 0px;margin-bottom: var(--li-mb);margin-left: 0px;padding: 0px;border: 0px;vertical-align: baseline;font-style: inherit;font-variant: inherit;font-weight: inherit;line-height: inherit;font-family: inherit\"><span style=\"margin: 0px;padding: 0px;border: 0px;vertical-align: baseline;font-style: inherit;font-variant: inherit;font-weight: 600;line-height: inherit;font-family: inherit\">Dalle IPS<\/span>\u00a0: couleurs lumineuses et angles de vision larges (178\u00b0)<\/li>\n<li style=\"margin-top: 0px;margin-right: 0px;margin-bottom: var(--li-mb);margin-left: 0px;padding: 0px;border: 0px;vertical-align: baseline;font-style: inherit;font-variant: inherit;font-weight: inherit;line-height: inherit;font-family: inherit\">Ecran avec traitement anti-reflets<\/li>\n<li style=\"margin-top: 0px;margin-right: 0px;margin-bottom: var(--li-mb);margin-left: 0px;padding: 0px;border: 0px;vertical-align: baseline;font-style: inherit;font-variant: inherit;font-weight: inherit;line-height: inherit;font-family: inherit\">Temps de r\u00e9ponse de 7\u00a0ms<\/li>\n<li style=\"margin-top: 0px;margin-right: 0px;margin-bottom: var(--li-mb);margin-left: 0px;padding: 0px;border: 0px;vertical-align: baseline;font-style: inherit;font-variant: inherit;font-weight: inherit;line-height: inherit;font-family: inherit\">Design slim et \u00e9pur\u00e9<\/li>\n<li style=\"margin-top: 0px;margin-right: 0px;margin-bottom: var(--li-mb);margin-left: 0px;padding: 0px;border: 0px;vertical-align: baseline;font-style: inherit;font-variant: inherit;font-weight: inherit;line-height: inherit;font-family: inherit\"><span style=\"margin: 0px;padding: 0px;border: 0px;vertical-align: baseline;font-style: inherit;font-variant: inherit;font-weight: 600;line-height: inherit;font-family: inherit\">2 ports HDMI + 1 port VGA<\/span><\/li>\n<li style=\"margin: 0px;padding: 0px;border: 0px;vertical-align: baseline;font-style: inherit;font-variant: inherit;font-weight: inherit;line-height: inherit;font-family: inherit\">Faible consommation d\u2019\u00e9nergie : 24W \/ max. 29W (classe energ\u00e9tique A+)<\/li>\n<\/ul>\n","protected":false},"featured_media":2415,"comment_status":"open","ping_status":"closed","template":"","meta":{"_gspb_post_css":""},"store":[],"product_brand":[],"product_cat":[197,200],"product_tag":[],"class_list":{"0":"post-2417","1":"product","2":"type-product","3":"status-publish","4":"has-post-thumbnail","6":"product_cat-electronique","7":"product_cat-informatique","9":"first","10":"instock","11":"sale","12":"shipping-taxable","13":"purchasable","14":"product-type-simple"},"_links":{"self":[{"href":"https:\/\/bimba.sn\/index.php?rest_route=\/wp\/v2\/product\/2417","targetHints":{"allow":["GET"]}}],"collection":[{"href":"https:\/\/bimba.sn\/index.php?rest_route=\/wp\/v2\/product"}],"about":[{"href":"https:\/\/bimba.sn\/index.php?rest_route=\/wp\/v2\/types\/product"}],"replies":[{"embeddable":true,"href":"https:\/\/bimba.sn\/index.php?rest_route=%2Fwp%2Fv2%2Fcomments&post=2417"}],"wp:featuredmedia":[{"embeddable":true,"href":"https:\/\/bimba.sn\/index.php?rest_route=\/wp\/v2\/media\/2415"}],"wp:attachment":[{"href":"https:\/\/bimba.sn\/index.php?rest_route=%2Fwp%2Fv2%2Fmedia&parent=2417"}],"wp:term":[{"taxonomy":"store","embeddable":true,"href":"https:\/\/bimba.sn\/index.php?rest_route=%2Fwp%2Fv2%2Fstore&post=2417"},{"taxonomy":"product_brand","embeddable":true,"href":"https:\/\/bimba.sn\/index.php?rest_route=%2Fwp%2Fv2%2Fproduct_brand&post=2417"},{"taxonomy":"product_cat","embeddable":true,"href":"https:\/\/bimba.sn\/index.php?rest_route=%2Fwp%2Fv2%2Fproduct_cat&post=2417"},{"taxonomy":"product_tag","embeddable":true,"href":"https:\/\/bimba.sn\/index.php?rest_route=%2Fwp%2Fv2%2Fproduct_tag&post=2417"}],"curies":[{"name":"wp","href":"https:\/\/api.w.org\/{rel}","templated":true}]}}