{"id":2408,"date":"2025-04-29T00:21:30","date_gmt":"2025-04-28T22:21:30","guid":{"rendered":"https:\/\/bimba.sn\/?product=television-43-pouce-astech"},"modified":"2025-05-01T19:14:59","modified_gmt":"2025-05-01T17:14:59","slug":"television-43-pouce-astech","status":"publish","type":"product","link":"https:\/\/bimba.sn\/?product=television-43-pouce-astech","title":{"rendered":"television 43 pouce astech"},"content":{"rendered":"<p>T\u00e9l\u00e9viseur astech 43 pouces smart android google tv 2024 GOAST43<\/p>\n<ul>\n<li style=\"margin-bottom: 7px\" data-mce-style=\"margin-bottom: 7px;\">Type Produit : T\u00e9l\u00e9viseur smart<\/li>\n<li style=\"margin-bottom: 7px\" data-mce-style=\"margin-bottom: 7px;\">Type: Smar\/Android\u00a0 google tv 2024 GOAST43<\/li>\n<li style=\"margin-bottom: 7px\" data-mce-style=\"margin-bottom: 7px;\">Marque : Astech<\/li>\n<li style=\"margin-bottom: 7px\" data-mce-style=\"margin-bottom: 7px;\">Ecran : 43 pouces<\/li>\n<li style=\"margin-bottom: 7px\" data-mce-style=\"margin-bottom: 7px;\">R\u00e9solution: 1366 x 768 pixels<\/li>\n<li style=\"margin-bottom: 7px\" data-mce-style=\"margin-bottom: 7px;\">Smart Hub et une fonction \u00e0 distance<\/li>\n<li style=\"margin-bottom: 7px\" data-mce-style=\"margin-bottom: 7px;\">Technologie de mise en miroir d\u2019\u00e9cran mobile<\/li>\n<li style=\"margin-bottom: 7px\" data-mce-style=\"margin-bottom: 7px;\">Connectivit\u00e9 Wi-Fi et Ethernet int\u00e9gr\u00e9e<\/li>\n<li style=\"margin-bottom: 7px\" data-mce-style=\"margin-bottom: 7px;\">Acc\u00e9dez \u00e0 l\u2019interface Smart TV de Samsung<\/li>\n<li style=\"margin-bottom: 7px\" data-mce-style=\"margin-bottom: 7px;\">Navigateur Web complet<\/li>\n<li style=\"margin-bottom: 7px\" data-mce-style=\"margin-bottom: 7px;\">2 x ports HDMI<\/li>\n<li style=\"margin-bottom: 7px\" data-mce-style=\"margin-bottom: 7px;\">1 x port USB<\/li>\n<li style=\"margin-bottom: 7px\" data-mce-style=\"margin-bottom: 7px;\">1 x port vid\u00e9o composante<\/li>\n<li style=\"margin-bottom: 7px\" data-mce-style=\"margin-bottom: 7px;\">PurColor<\/li>\n<li style=\"margin-bottom: 7px\" data-mce-style=\"margin-bottom: 7px;\">Dolby Digital Plus<\/li>\n<li style=\"margin-bottom: 7px\" data-mce-style=\"margin-bottom: 7px;\">Hub intelligent avec vos applications pr\u00e9f\u00e9r\u00e9es: Youtube, Netflix, etc.<\/li>\n<li style=\"margin-bottom: 7px\" data-mce-style=\"margin-bottom: 7px;\">Smart<\/li>\n<\/ul>\n","protected":false},"excerpt":{"rendered":"<h1 class=\"product_title entry-title\">T\u00e9l\u00e9viseur astech 43 pouces smart android google tv 2024 GOAST43<\/h1>\n","protected":false},"featured_media":2407,"comment_status":"open","ping_status":"closed","template":"","meta":{"_gspb_post_css":""},"store":[],"product_brand":[],"product_cat":[198],"product_tag":[],"class_list":{"0":"post-2408","1":"product","2":"type-product","3":"status-publish","4":"has-post-thumbnail","6":"product_cat-electromenager","8":"first","9":"instock","10":"sale","11":"shipping-taxable","12":"purchasable","13":"product-type-simple"},"_links":{"self":[{"href":"https:\/\/bimba.sn\/index.php?rest_route=\/wp\/v2\/product\/2408","targetHints":{"allow":["GET"]}}],"collection":[{"href":"https:\/\/bimba.sn\/index.php?rest_route=\/wp\/v2\/product"}],"about":[{"href":"https:\/\/bimba.sn\/index.php?rest_route=\/wp\/v2\/types\/product"}],"replies":[{"embeddable":true,"href":"https:\/\/bimba.sn\/index.php?rest_route=%2Fwp%2Fv2%2Fcomments&post=2408"}],"wp:featuredmedia":[{"embeddable":true,"href":"https:\/\/bimba.sn\/index.php?rest_route=\/wp\/v2\/media\/2407"}],"wp:attachment":[{"href":"https:\/\/bimba.sn\/index.php?rest_route=%2Fwp%2Fv2%2Fmedia&parent=2408"}],"wp:term":[{"taxonomy":"store","embeddable":true,"href":"https:\/\/bimba.sn\/index.php?rest_route=%2Fwp%2Fv2%2Fstore&post=2408"},{"taxonomy":"product_brand","embeddable":true,"href":"https:\/\/bimba.sn\/index.php?rest_route=%2Fwp%2Fv2%2Fproduct_brand&post=2408"},{"taxonomy":"product_cat","embeddable":true,"href":"https:\/\/bimba.sn\/index.php?rest_route=%2Fwp%2Fv2%2Fproduct_cat&post=2408"},{"taxonomy":"product_tag","embeddable":true,"href":"https:\/\/bimba.sn\/index.php?rest_route=%2Fwp%2Fv2%2Fproduct_tag&post=2408"}],"curies":[{"name":"wp","href":"https:\/\/api.w.org\/{rel}","templated":true}]}}